CRAN Package Check Results for Package airportr

Last updated on 2024-04-17 22:59:45 CEST.

Flavor Version Tinstall Tcheck Ttotal Status Flags
r-devel-linux-x86_64-debian-clang 0.1.3 5.70 50.51 56.21 OK
r-devel-linux-x86_64-debian-gcc 0.1.3 4.31 39.80 44.11 OK
r-devel-linux-x86_64-fedora-clang 0.1.3 72.01 NOTE
r-devel-linux-x86_64-fedora-gcc 0.1.3 87.74 NOTE
r-prerel-macos-arm64 0.1.3 31.00 OK
r-prerel-windows-x86_64 0.1.3 7.00 59.00 66.00 OK
r-patched-linux-x86_64 0.1.3 4.70 48.28 52.98 OK
r-release-linux-x86_64 0.1.3 5.72 47.04 52.76 OK
r-release-macos-arm64 0.1.3 31.00 OK
r-release-macos-x86_64 0.1.3 47.00 OK
r-release-windows-x86_64 0.1.3 8.00 63.00 71.00 OK
r-oldrel-macos-arm64 0.1.3 27.00 NOTE
r-oldrel-windows-x86_64 0.1.3 7.00 67.00 74.00 OK

Check Details

Version: 0.1.3
Check: data for non-ASCII characters
Result: NOTE Note: found 710 marked UTF-8 strings Flavors: r-devel-linux-x86_64-fedora-clang, r-devel-linux-x86_64-fedora-gcc, r-oldrel-macos-arm64