Last updated on 2023-05-30 11:55:33 CEST.
Flavor | Version | Tinstall | Tcheck | Ttotal | Status | Flags |
---|---|---|---|---|---|---|
r-devel-linux-x86_64-debian-clang | 0.1.3 | 5.91 | 49.70 | 55.61 | OK | |
r-devel-linux-x86_64-debian-gcc | 0.1.3 | 3.83 | 38.03 | 41.86 | OK | |
r-devel-linux-x86_64-fedora-clang | 0.1.3 | 67.53 | NOTE | |||
r-devel-linux-x86_64-fedora-gcc | 0.1.3 | 84.66 | NOTE | |||
r-devel-windows-x86_64 | 0.1.3 | 6.00 | 59.00 | 65.00 | OK | |
r-patched-linux-x86_64 | 0.1.3 | 4.82 | 47.37 | 52.19 | OK | |
r-release-linux-x86_64 | 0.1.3 | 5.83 | 46.67 | 52.50 | OK | |
r-release-macos-arm64 | 0.1.3 | 31.00 | OK | |||
r-release-macos-x86_64 | 0.1.3 | 47.00 | OK | |||
r-release-windows-x86_64 | 0.1.3 | 8.00 | 65.00 | 73.00 | OK | |
r-oldrel-macos-arm64 | 0.1.3 | 27.00 | NOTE | |||
r-oldrel-macos-x86_64 | 0.1.3 | 37.00 | NOTE | |||
r-oldrel-windows-x86_64 | 0.1.3 | 8.00 | 68.00 | 76.00 | OK |
Version: 0.1.3
Check: data for non-ASCII characters
Result: NOTE
Note: found 710 marked UTF-8 strings
Flavors: r-devel-linux-x86_64-fedora-clang, r-devel-linux-x86_64-fedora-gcc, r-oldrel-macos-arm64, r-oldrel-macos-x86_64