CRAN Package Check Results for Package airportr

Last updated on 2023-02-05 00:55:12 CET.

Flavor Version Tinstall Tcheck Ttotal Status Flags
r-devel-linux-x86_64-debian-clang 0.1.3 5.00 49.41 54.41 OK
r-devel-linux-x86_64-debian-gcc 0.1.3 3.96 37.91 41.87 OK
r-devel-linux-x86_64-fedora-clang 0.1.3 76.35 NOTE
r-devel-linux-x86_64-fedora-gcc 0.1.3 75.94 NOTE
r-devel-windows-x86_64 0.1.3 17.00 80.00 97.00 OK
r-patched-linux-x86_64 0.1.3 4.74 49.34 54.08 OK
r-release-linux-x86_64 0.1.3 3.65 49.71 53.36 OK
r-release-macos-arm64 0.1.3 27.00 NOTE
r-release-macos-x86_64 0.1.3 37.00 NOTE
r-release-windows-x86_64 0.1.3 17.00 89.00 106.00 OK
r-oldrel-macos-arm64 0.1.3 30.00 NOTE
r-oldrel-macos-x86_64 0.1.3 48.00 NOTE
r-oldrel-windows-ix86+x86_64 0.1.3 13.00 80.00 93.00 OK

Check Details

Version: 0.1.3
Check: data for non-ASCII characters
Result: NOTE
     Note: found 710 marked UTF-8 strings
Flavors: r-devel-linux-x86_64-fedora-clang, r-devel-linux-x86_64-fedora-gcc, r-release-macos-arm64, r-release-macos-x86_64, r-oldrel-macos-arm64, r-oldrel-macos-x86_64