CRAN Package Check Results for Package ajv

Last updated on 2019-03-23 11:50:39 CET.

Flavor Version Tinstall Tcheck Ttotal Status Flags
r-devel-linux-x86_64-debian-clang 1.0.0 2.25 26.84 29.09 OK
r-devel-linux-x86_64-debian-gcc 1.0.0 1.85 21.88 23.73 OK
r-devel-linux-x86_64-fedora-clang 1.0.0 38.10 OK
r-devel-linux-x86_64-fedora-gcc 1.0.0 34.62 OK
r-devel-windows-ix86+x86_64 1.0.0 12.00 65.00 77.00 OK
r-patched-linux-x86_64 1.0.0 1.38 25.37 26.75 OK
r-patched-solaris-x86 1.0.0 51.80 OK
r-release-linux-x86_64 1.0.0 0.34 2.14 2.48 ERROR
r-release-windows-ix86+x86_64 1.0.0 4.00 51.00 55.00 OK
r-release-osx-x86_64 1.0.0 OK
r-oldrel-windows-ix86+x86_64 1.0.0 6.00 75.00 81.00 OK
r-oldrel-osx-x86_64 1.0.0 OK

Check Details

Version: 1.0.0
Check: whether package can be installed
Result: ERROR
    Installation failed.
Flavor: r-release-linux-x86_64