CRAN Package Check Results for Package ajv

Last updated on 2022-08-10 06:52:49 CEST.

Flavor Version Tinstall Tcheck Ttotal Status Flags
r-devel-linux-x86_64-debian-clang 1.0.0 2.71 34.28 36.99 NOTE
r-devel-linux-x86_64-debian-gcc 1.0.0 2.42 26.53 28.95 NOTE
r-devel-linux-x86_64-fedora-clang 1.0.0 55.59 NOTE
r-devel-linux-x86_64-fedora-gcc 1.0.0 54.20 NOTE
r-devel-windows-x86_64 1.0.0 10.00 63.00 73.00 NOTE
r-patched-linux-x86_64 1.0.0 3.19 33.47 36.66 NOTE
r-release-linux-x86_64 1.0.0 NOTE
r-release-macos-arm64 1.0.0 21.00 NOTE
r-release-macos-x86_64 1.0.0 27.00 NOTE
r-release-windows-x86_64 1.0.0 13.00 74.00 87.00 NOTE
r-oldrel-macos-arm64 1.0.0 24.00 NOTE
r-oldrel-macos-x86_64 1.0.0 34.00 NOTE
r-oldrel-windows-ix86+x86_64 1.0.0 10.00 158.00 168.00 NOTE

Check Details

Version: 1.0.0
Check: LazyData
Result: NOTE
     'LazyData' is specified without a 'data' directory
Flavors: r-devel-linux-x86_64-debian-clang, r-devel-linux-x86_64-debian-gcc, r-devel-linux-x86_64-fedora-clang, r-devel-linux-x86_64-fedora-gcc, r-devel-windows-x86_64, r-patched-linux-x86_64, r-release-linux-x86_64, r-release-macos-arm64, r-release-macos-x86_64, r-release-windows-x86_64, r-oldrel-macos-arm64, r-oldrel-macos-x86_64, r-oldrel-windows-ix86+x86_64