CRAN Package Check Results for Package akima

Last updated on 2019-03-22 11:52:45 CET.

Flavor Version Tinstall Tcheck Ttotal Status Flags
r-devel-linux-x86_64-debian-clang 0.6-2 9.72 32.81 42.53 OK
r-devel-linux-x86_64-debian-gcc 0.6-2 8.48 26.69 35.17 OK
r-devel-linux-x86_64-fedora-clang 0.6-2 53.33 NOTE
r-devel-linux-x86_64-fedora-gcc 0.6-2 51.03 NOTE
r-devel-windows-ix86+x86_64 0.6-2 48.00 59.00 107.00 OK
r-patched-linux-x86_64 0.6-2 9.26 28.35 37.61 OK
r-patched-solaris-x86 0.6-2 66.20 OK
r-release-linux-x86_64 0.6-2 9.72 28.34 38.06 OK
r-release-windows-ix86+x86_64 0.6-2 39.00 69.00 108.00 OK
r-release-osx-x86_64 0.6-2 OK
r-oldrel-windows-ix86+x86_64 0.6-2 40.00 68.00 108.00 OK
r-oldrel-osx-x86_64 0.6-2 OK

Check Details

Version: 0.6-2
Check: compiled code
Result: NOTE
    File ‘akima/libs/akima.so’:
     Found no call to: ‘R_useDynamicSymbols’
    
    It is good practice to register native routines and to disable symbol
    search.
    
    See ‘Writing portable packages’ in the ‘Writing R Extensions’ manual.
Flavors: r-devel-linux-x86_64-fedora-clang, r-devel-linux-x86_64-fedora-gcc