CRAN Package Check Results for Package akima

Last updated on 2019-05-20 12:48:10 CEST.

Flavor Version Tinstall Tcheck Ttotal Status Flags
r-devel-linux-x86_64-debian-clang 0.6-2 10.30 32.74 43.04 OK
r-devel-linux-x86_64-debian-gcc 0.6-2 8.46 26.53 34.99 OK
r-devel-linux-x86_64-fedora-clang 0.6-2 53.59 NOTE
r-devel-linux-x86_64-fedora-gcc 0.6-2 52.76 NOTE
r-devel-windows-ix86+x86_64 0.6-2 50.00 77.00 127.00 OK
r-patched-linux-x86_64 0.6-2 9.63 32.70 42.33 OK
r-patched-solaris-x86 0.6-2 72.20 OK
r-release-linux-x86_64 0.6-2 9.43 32.69 42.12 OK
r-release-windows-ix86+x86_64 0.6-2 38.00 79.00 117.00 OK
r-release-osx-x86_64 0.6-2 OK
r-oldrel-windows-ix86+x86_64 0.6-2 27.00 53.00 80.00 OK
r-oldrel-osx-x86_64 0.6-2 OK

Additional issues

LTO

Check Details

Version: 0.6-2
Check: compiled code
Result: NOTE
    File ‘akima/libs/akima.so’:
     Found no call to: ‘R_useDynamicSymbols’
    
    It is good practice to register native routines and to disable symbol
    search.
    
    See ‘Writing portable packages’ in the ‘Writing R Extensions’ manual.
Flavors: r-devel-linux-x86_64-fedora-clang, r-devel-linux-x86_64-fedora-gcc