CRAN Package Check Results for Package akmbiclust

Last updated on 2023-03-29 14:48:58 CEST.

Flavor Version Tinstall Tcheck Ttotal Status Flags
r-devel-linux-x86_64-debian-clang 0.1.0 2.09 21.49 23.58 NOTE
r-devel-linux-x86_64-debian-gcc 0.1.0 1.55 17.07 18.62 NOTE
r-devel-linux-x86_64-fedora-clang 0.1.0 30.50 NOTE
r-devel-linux-x86_64-fedora-gcc 0.1.0 28.46 NOTE
r-devel-windows-x86_64 0.1.0 13.00 47.00 60.00 NOTE
r-patched-linux-x86_64 0.1.0 1.56 20.67 22.23 NOTE
r-release-linux-x86_64 0.1.0 2.09 22.57 24.66 NOTE
r-release-macos-arm64 0.1.0 16.00 NOTE
r-release-macos-x86_64 0.1.0 20.00 NOTE
r-release-windows-x86_64 0.1.0 5.00 44.00 49.00 NOTE
r-oldrel-macos-arm64 0.1.0 18.00 NOTE
r-oldrel-macos-x86_64 0.1.0 27.00 NOTE
r-oldrel-windows-ix86+x86_64 0.1.0 5.00 33.00 38.00 NOTE

Check Details

Version: 0.1.0
Check: LazyData
Result: NOTE
     'LazyData' is specified without a 'data' directory
Flavors: r-devel-linux-x86_64-debian-clang, r-devel-linux-x86_64-debian-gcc, r-devel-linux-x86_64-fedora-clang, r-devel-linux-x86_64-fedora-gcc, r-devel-windows-x86_64, r-patched-linux-x86_64, r-release-linux-x86_64, r-release-macos-arm64, r-release-macos-x86_64, r-release-windows-x86_64, r-oldrel-macos-arm64, r-oldrel-macos-x86_64, r-oldrel-windows-ix86+x86_64