CRAN Package Check Results for Package alabama

Last updated on 2018-11-21 02:48:24 CET.

Flavor Version Tinstall Tcheck Ttotal Status Flags
r-devel-linux-x86_64-debian-clang 2015.3-1 2.02 21.73 23.75 NOTE
r-devel-linux-x86_64-debian-gcc 2015.3-1 1.17 17.75 18.92 NOTE
r-devel-linux-x86_64-fedora-clang 2015.3-1 27.52 NOTE
r-devel-linux-x86_64-fedora-gcc 2015.3-1 26.07 NOTE
r-devel-windows-ix86+x86_64 2015.3-1 6.00 37.00 43.00 NOTE
r-patched-linux-x86_64 2015.3-1 1.68 20.50 22.18 NOTE
r-patched-solaris-x86 2015.3-1 40.30 NOTE
r-release-linux-x86_64 2015.3-1 1.34 20.55 21.89 NOTE
r-release-windows-ix86+x86_64 2015.3-1 4.00 33.00 37.00 NOTE
r-release-osx-x86_64 2015.3-1 NOTE
r-oldrel-windows-ix86+x86_64 2015.3-1 2.00 33.00 35.00 NOTE
r-oldrel-osx-x86_64 2015.3-1 NOTE

Check Details

Version: 2015.3-1
Check: R code for possible problems
Result: NOTE
    adpbar: no visible global function definition for ‘optim’
    alabama: no visible global function definition for ‘optim’
    auglag: no visible global function definition for ‘modifyList’
    auglag1: no visible global function definition for ‘optim’
    auglag1: no visible global function definition for ‘nlminb’
    auglag2: no visible global function definition for ‘optim’
    auglag2: no visible global function definition for ‘nlminb’
    auglag3: no visible global function definition for ‘optim’
    auglag3: no visible global function definition for ‘nlminb’
    augpen: no visible global function definition for ‘optim’
    constrOptim.nl: no visible global function definition for ‘modifyList’
    Undefined global functions or variables:
     modifyList nlminb optim
    Consider adding
     importFrom("stats", "nlminb", "optim")
     importFrom("utils", "modifyList")
    to your NAMESPACE file.
Flavors: r-devel-linux-x86_64-debian-clang, r-devel-linux-x86_64-debian-gcc, r-devel-linux-x86_64-fedora-clang, r-devel-linux-x86_64-fedora-gcc, r-devel-windows-ix86+x86_64, r-patched-linux-x86_64, r-patched-solaris-x86, r-release-linux-x86_64, r-release-windows-ix86+x86_64, r-release-osx-x86_64, r-oldrel-windows-ix86+x86_64, r-oldrel-osx-x86_64