Last updated on 2023-04-01 02:50:15 CEST.
Flavor | Version | Tinstall | Tcheck | Ttotal | Status | Flags |
---|---|---|---|---|---|---|
r-devel-linux-x86_64-debian-clang | 1.2.1 | 67.74 | 653.52 | 721.26 | NOTE | |
r-devel-linux-x86_64-debian-gcc | 1.2.1 | 52.88 | 490.38 | 543.26 | NOTE | |
r-devel-linux-x86_64-fedora-clang | 1.2.1 | 943.80 | NOTE | |||
r-devel-linux-x86_64-fedora-gcc | 1.2.1 | 915.27 | NOTE | |||
r-devel-windows-x86_64 | 1.2.1 | 121.00 | 832.00 | 953.00 | NOTE | |
r-patched-linux-x86_64 | 1.2.1 | 69.03 | 615.80 | 684.83 | NOTE | |
r-release-linux-x86_64 | 1.2.1 | 47.84 | 594.73 | 642.57 | OK | |
r-release-macos-arm64 | 1.2.1 | 230.00 | OK | |||
r-release-macos-x86_64 | 1.2.1 | 262.00 | OK | |||
r-release-windows-x86_64 | 1.2.1 | 94.00 | 803.00 | 897.00 | OK | |
r-oldrel-macos-arm64 | 1.2.1 | 228.00 | OK | |||
r-oldrel-macos-x86_64 | 1.2.1 | 305.00 | OK | |||
r-oldrel-windows-ix86+x86_64 | 1.2.1 | 139.00 | 915.00 | 1054.00 | OK |
Version: 1.2.1
Check: C++ specification
Result: NOTE
Specified C++11: please drop specification unless essential
Flavors: r-devel-linux-x86_64-debian-clang, r-devel-linux-x86_64-debian-gcc, r-devel-linux-x86_64-fedora-clang, r-devel-linux-x86_64-fedora-gcc, r-devel-windows-x86_64, r-patched-linux-x86_64