CRAN Package Check Results for Package alfr

Last updated on 2022-07-07 14:53:11 CEST.

Flavor Version Tinstall Tcheck Ttotal Status Flags
r-devel-linux-x86_64-debian-clang 1.2.1 2.67 33.00 35.67 NOTE
r-devel-linux-x86_64-debian-gcc 1.2.1 1.53 25.67 27.20 NOTE
r-devel-linux-x86_64-fedora-clang 1.2.1 53.76 NOTE
r-devel-linux-x86_64-fedora-gcc 1.2.1 51.81 NOTE
r-devel-windows-x86_64 1.2.1 63.00 83.00 146.00 NOTE
r-patched-linux-x86_64 1.2.1 2.54 32.29 34.83 NOTE
r-release-linux-x86_64 1.2.1 2.08 32.53 34.61 NOTE
r-release-macos-arm64 1.2.1 18.00 NOTE
r-release-macos-x86_64 1.2.1 26.00 NOTE
r-release-windows-x86_64 1.2.1 57.00 84.00 141.00 NOTE
r-oldrel-macos-arm64 1.2.1 23.00 NOTE
r-oldrel-macos-x86_64 1.2.1 31.00 NOTE
r-oldrel-windows-ix86+x86_64 1.2.1 6.00 65.00 71.00 NOTE

Check Details

Version: 1.2.1
Check: LazyData
Result: NOTE
     'LazyData' is specified without a 'data' directory
Flavors: r-devel-linux-x86_64-debian-clang, r-devel-linux-x86_64-debian-gcc, r-devel-linux-x86_64-fedora-clang, r-devel-linux-x86_64-fedora-gcc, r-devel-windows-x86_64, r-patched-linux-x86_64, r-release-linux-x86_64, r-release-macos-arm64, r-release-macos-x86_64, r-release-windows-x86_64, r-oldrel-macos-arm64, r-oldrel-macos-x86_64, r-oldrel-windows-ix86+x86_64