CRAN Package Check Results for Package alfr

Last updated on 2021-07-24 15:50:01 CEST.

Flavor Version Tinstall Tcheck Ttotal Status Flags
r-devel-linux-x86_64-debian-clang 1.2.1 2.37 31.95 34.32 NOTE
r-devel-linux-x86_64-debian-gcc 1.2.1 1.95 25.20 27.15 NOTE
r-devel-linux-x86_64-fedora-clang 1.2.1 50.47 NOTE
r-devel-linux-x86_64-fedora-gcc 1.2.1 39.95 NOTE
r-devel-windows-x86_64 1.2.1 4.00 46.00 50.00 NOTE
r-devel-windows-x86_64-gcc10-UCRT 1.2.1 NOTE
r-patched-linux-x86_64 1.2.1 2.57 30.79 33.36 NOTE
r-patched-solaris-x86 1.2.1 66.90 NOTE
r-release-linux-x86_64 1.2.1 2.31 31.16 33.47 NOTE
r-release-macos-arm64 1.2.1 NOTE
r-release-macos-x86_64 1.2.1 NOTE
r-release-windows-ix86+x86_64 1.2.1 7.00 46.00 53.00 NOTE
r-oldrel-macos-x86_64 1.2.1 OK
r-oldrel-windows-ix86+x86_64 1.2.1 6.00 60.00 66.00 OK

Check Details

Version: 1.2.1
Check: LazyData
Result: NOTE
     'LazyData' is specified without a 'data' directory
Flavors: r-devel-linux-x86_64-debian-clang, r-devel-linux-x86_64-debian-gcc, r-devel-linux-x86_64-fedora-clang, r-devel-linux-x86_64-fedora-gcc, r-devel-windows-x86_64, r-devel-windows-x86_64-gcc10-UCRT, r-patched-linux-x86_64, r-patched-solaris-x86, r-release-linux-x86_64, r-release-macos-arm64, r-release-macos-x86_64, r-release-windows-ix86+x86_64