CRAN Package Check Results for Package algaeClassify

Last updated on 2021-04-10 15:47:35 CEST.

Flavor Version Tinstall Tcheck Ttotal Status Flags
r-devel-linux-x86_64-debian-clang 1.2.0 6.01 48.85 54.86 OK
r-devel-linux-x86_64-debian-gcc 1.2.0 4.41 37.47 41.88 OK
r-devel-linux-x86_64-fedora-clang 1.2.0 73.76 NOTE
r-devel-linux-x86_64-fedora-gcc 1.2.0 62.14 NOTE
r-devel-windows-ix86+x86_64 1.2.0 14.00 58.00 72.00 OK
r-devel-windows-x86_64-gcc10-UCRT 1.2.0 NOTE
r-patched-linux-x86_64 1.2.0 5.74 45.91 51.65 OK
r-patched-solaris-x86 1.2.0 99.10 NOTE
r-release-linux-x86_64 1.2.0 5.30 45.46 50.76 OK
r-release-macos-x86_64 1.2.0 NOTE
r-release-windows-ix86+x86_64 1.2.0 13.00 79.00 92.00 OK
r-oldrel-macos-x86_64 1.2.0 NOTE
r-oldrel-windows-ix86+x86_64 1.2.0 11.00 49.00 60.00 OK

Check Details

Version: 1.2.0
Check: dependencies in R code
Result: NOTE
    Namespace in Imports field not imported from: ‘taxize’
     All declared Imports should be used.
Flavors: r-devel-linux-x86_64-fedora-clang, r-devel-linux-x86_64-fedora-gcc, r-devel-windows-x86_64-gcc10-UCRT, r-patched-solaris-x86, r-release-macos-x86_64, r-oldrel-macos-x86_64