CRAN Package Check Results for Package algo

Last updated on 2023-02-05 01:54:10 CET.

Flavor Version Tinstall Tcheck Ttotal Status Flags
r-devel-linux-x86_64-debian-clang 0.1.0 1.95 22.26 24.21 NOTE
r-devel-linux-x86_64-debian-gcc 0.1.0 1.44 17.40 18.84 NOTE
r-devel-linux-x86_64-fedora-clang 0.1.0 31.54 NOTE
r-devel-linux-x86_64-fedora-gcc 0.1.0 40.70 NOTE
r-devel-windows-x86_64 0.1.0 8.00 52.00 60.00 NOTE
r-patched-linux-x86_64 0.1.0 1.93 22.46 24.39 NOTE
r-release-linux-x86_64 0.1.0 2.01 22.08 24.09 NOTE
r-release-macos-arm64 0.1.0 15.00 NOTE
r-release-macos-x86_64 0.1.0 22.00 NOTE
r-release-windows-x86_64 0.1.0 8.00 55.00 63.00 NOTE
r-oldrel-macos-arm64 0.1.0 19.00 NOTE
r-oldrel-macos-x86_64 0.1.0 25.00 NOTE
r-oldrel-windows-ix86+x86_64 0.1.0 6.00 49.00 55.00 NOTE

Check Details

Version: 0.1.0
Check: LazyData
Result: NOTE
     'LazyData' is specified without a 'data' directory
Flavors: r-devel-linux-x86_64-debian-clang, r-devel-linux-x86_64-debian-gcc, r-devel-linux-x86_64-fedora-clang, r-devel-linux-x86_64-fedora-gcc, r-devel-windows-x86_64, r-patched-linux-x86_64, r-release-linux-x86_64, r-release-macos-arm64, r-release-macos-x86_64, r-release-windows-x86_64, r-oldrel-macos-arm64, r-oldrel-macos-x86_64, r-oldrel-windows-ix86+x86_64