Last updated on 2023-01-28 20:54:21 CET.
Flavor | Version | Tinstall | Tcheck | Ttotal | Status | Flags |
---|---|---|---|---|---|---|
r-devel-linux-x86_64-debian-clang | 0.1.2 | 23.62 | 203.21 | 226.83 | NOTE | |
r-devel-linux-x86_64-debian-gcc | 0.1.2 | 18.48 | 147.96 | 166.44 | NOTE | |
r-devel-linux-x86_64-fedora-clang | 0.1.2 | 283.58 | NOTE | |||
r-devel-linux-x86_64-fedora-gcc | 0.1.2 | 270.70 | NOTE | |||
r-devel-windows-x86_64 | 0.1.2 | 29.00 | 202.00 | 231.00 | NOTE | |
r-patched-linux-x86_64 | 0.1.2 | 17.73 | 192.34 | 210.07 | NOTE | |
r-release-linux-x86_64 | 0.1.2 | 16.75 | 192.34 | 209.09 | NOTE | |
r-release-macos-arm64 | 0.1.2 | 71.00 | NOTE | |||
r-release-macos-x86_64 | 0.1.2 | 98.00 | NOTE | |||
r-release-windows-x86_64 | 0.1.2 | 27.00 | 198.00 | 225.00 | NOTE | |
r-oldrel-macos-arm64 | 0.1.2 | 96.00 | NOTE | |||
r-oldrel-macos-x86_64 | 0.1.2 | 91.00 | NOTE | |||
r-oldrel-windows-ix86+x86_64 | 0.1.2 | 50.00 | 207.00 | 257.00 | NOTE |
Version: 0.1.2
Check: LazyData
Result: NOTE
'LazyData' is specified without a 'data' directory
Flavors: r-devel-linux-x86_64-debian-clang, r-devel-linux-x86_64-debian-gcc, r-devel-linux-x86_64-fedora-clang, r-devel-linux-x86_64-fedora-gcc, r-devel-windows-x86_64, r-patched-linux-x86_64, r-release-linux-x86_64, r-release-macos-arm64, r-release-macos-x86_64, r-release-windows-x86_64, r-oldrel-macos-arm64, r-oldrel-macos-x86_64, r-oldrel-windows-ix86+x86_64