CRAN Package Check Results for Package aliases2entrez

Last updated on 2020-01-18 18:47:09 CET.

Flavor Version Tinstall Tcheck Ttotal Status Flags
r-devel-linux-x86_64-debian-clang 0.1.0 16.55 133.57 150.12 OK
r-devel-linux-x86_64-debian-gcc 0.1.0 13.45 99.90 113.35 OK
r-devel-linux-x86_64-fedora-clang 0.1.0 183.95 OK
r-devel-linux-x86_64-fedora-gcc 0.1.0 183.96 OK
r-devel-windows-ix86+x86_64 0.1.0 43.00 175.00 218.00 OK
r-devel-windows-ix86+x86_64-gcc8 0.1.0 34.00 148.00 182.00 OK
r-patched-linux-x86_64 0.1.0 11.75 110.77 122.52 OK
r-patched-solaris-x86 0.1.0 226.60 OK
r-release-linux-x86_64 0.1.0 11.69 111.27 122.96 OK
r-release-windows-ix86+x86_64 0.1.0 42.00 157.00 199.00 OK
r-release-osx-x86_64 0.1.0 ERROR
r-oldrel-windows-ix86+x86_64 0.1.0 24.00 108.00 132.00 OK
r-oldrel-osx-x86_64 0.1.0 OK

Check Details

Version: 0.1.0
Check: package dependencies
Result: ERROR
    Package required but not available: ‘org.Hs.eg.db’
    
    See section ‘The DESCRIPTION file’ in the ‘Writing R Extensions’
    manual.
Flavor: r-release-osx-x86_64