CRAN Package Check Results for Package aliases2entrez

Last updated on 2020-08-05 06:47:13 CEST.

Flavor Version Tinstall Tcheck Ttotal Status Flags
r-devel-linux-x86_64-debian-clang 0.1.1 16.18 134.21 150.39 OK
r-devel-linux-x86_64-debian-gcc 0.1.1 12.48 100.98 113.46 OK
r-devel-linux-x86_64-fedora-clang 0.1.1 184.77 OK
r-devel-linux-x86_64-fedora-gcc 0.1.1 175.50 OK
r-devel-windows-ix86+x86_64 0.1.1 45.00 127.00 172.00 OK
r-patched-linux-x86_64 0.1.1 15.67 128.19 143.86 OK
r-patched-solaris-x86 0.1.1 256.00 OK
r-release-linux-x86_64 0.1.1 18.16 130.74 148.90 OK
r-release-macos-x86_64 0.1.1 OK
r-release-windows-ix86+x86_64 0.1.1 44.00 183.00 227.00 OK
r-oldrel-macos-x86_64 0.1.1 ERROR
r-oldrel-windows-ix86+x86_64 0.1.1 30.00 159.00 189.00 OK

Check Details

Version: 0.1.1
Check: package dependencies
Result: ERROR
    Package required but not available: ‘org.Hs.eg.db’
    
    See section ‘The DESCRIPTION file’ in the ‘Writing R Extensions’
    manual.
Flavor: r-oldrel-macos-x86_64