Last updated on 2023-12-06 23:11:52 CET.
Flavor | Version | Tinstall | Tcheck | Ttotal | Status | Flags |
---|---|---|---|---|---|---|
r-devel-linux-x86_64-debian-clang | 1.1.1 | 3.64 | 49.10 | 52.74 | OK | |
r-devel-linux-x86_64-debian-gcc | 1.1.1 | 2.88 | 37.87 | 40.75 | OK | |
r-devel-linux-x86_64-fedora-clang | 1.1.1 | 67.24 | NOTE | |||
r-devel-linux-x86_64-fedora-gcc | 1.1.1 | 76.66 | OK | |||
r-devel-windows-x86_64 | 1.1.1 | 5.00 | 69.00 | 74.00 | OK | |
r-patched-linux-x86_64 | 1.1.1 | 4.83 | 47.82 | 52.65 | OK | |
r-release-linux-x86_64 | 1.1.1 | 3.50 | 47.18 | 50.68 | OK | |
r-release-macos-arm64 | 1.1.1 | 46.00 | OK | |||
r-release-macos-x86_64 | 1.1.1 | 111.00 | OK | |||
r-release-windows-x86_64 | 1.1.1 | 8.00 | 75.00 | 83.00 | OK | |
r-oldrel-macos-arm64 | 1.1.1 | 45.00 | OK | |||
r-oldrel-macos-x86_64 | 1.1.1 | 76.00 | OK | |||
r-oldrel-windows-x86_64 | 1.1.1 | 8.00 | 73.00 | 81.00 | OK |
Version: 1.1.1
Check: Rd cross-references
Result: NOTE
Undeclared package ‘hyperSpec’ in Rd xrefs
Flavor: r-devel-linux-x86_64-fedora-clang