CRAN Package Check Results for Package alkahest

Last updated on 2022-10-05 14:48:50 CEST.

Flavor Version Tinstall Tcheck Ttotal Status Flags
r-devel-linux-x86_64-debian-clang 1.0.0 4.14 52.41 56.55 OK
r-devel-linux-x86_64-debian-gcc 1.0.0 2.77 40.10 42.87 OK
r-devel-linux-x86_64-fedora-clang 1.0.0 82.94 NOTE
r-devel-linux-x86_64-fedora-gcc 1.0.0 81.13 OK
r-devel-windows-x86_64 1.0.0 70.00 92.00 162.00 OK
r-patched-linux-x86_64 1.0.0 4.55 48.24 52.79 OK
r-release-linux-x86_64 1.0.0 2.64 48.18 50.82 OK
r-release-macos-arm64 1.0.0 38.00 OK
r-release-macos-x86_64 1.0.0 72.00 OK
r-release-windows-x86_64 1.0.0 72.00 84.00 156.00 OK
r-oldrel-macos-arm64 1.0.0 38.00 OK
r-oldrel-macos-x86_64 1.0.0 71.00 OK
r-oldrel-windows-ix86+x86_64 1.0.0 8.00 79.00 87.00 OK

Check Details

Version: 1.0.0
Check: Rd cross-references
Result: NOTE
    Undeclared package ‘hyperSpec’ in Rd xrefs
Flavor: r-devel-linux-x86_64-fedora-clang