Last updated on 2023-05-30 06:57:24 CEST.
Flavor | Version | Tinstall | Tcheck | Ttotal | Status | Flags |
---|---|---|---|---|---|---|
r-devel-linux-x86_64-debian-clang | 1.1.0 | 4.27 | 48.41 | 52.68 | OK | |
r-devel-linux-x86_64-debian-gcc | 1.1.0 | 3.41 | 38.12 | 41.53 | OK | |
r-devel-linux-x86_64-fedora-clang | 1.1.0 | 67.35 | NOTE | |||
r-devel-linux-x86_64-fedora-gcc | 1.1.0 | 84.95 | OK | |||
r-devel-windows-x86_64 | 1.1.0 | 6.00 | 70.00 | 76.00 | OK | |
r-patched-linux-x86_64 | 1.1.0 | 6.41 | 47.41 | 53.82 | OK | |
r-release-linux-x86_64 | 1.1.0 | 4.15 | 46.96 | 51.11 | OK | |
r-release-macos-arm64 | 1.1.0 | 31.00 | OK | |||
r-release-macos-x86_64 | 1.0.0 | 56.00 | OK | |||
r-release-windows-x86_64 | 1.1.0 | 5.00 | 77.00 | 82.00 | OK | |
r-oldrel-macos-arm64 | 1.1.0 | 32.00 | OK | |||
r-oldrel-macos-x86_64 | 1.1.0 | 75.00 | OK | |||
r-oldrel-windows-x86_64 | 1.1.0 | 7.00 | 72.00 | 79.00 | OK |
Version: 1.1.0
Check: Rd cross-references
Result: NOTE
Undeclared package ‘hyperSpec’ in Rd xrefs
Flavor: r-devel-linux-x86_64-fedora-clang