Last updated on 2023-02-04 13:55:44 CET.
Flavor | Version | Tinstall | Tcheck | Ttotal | Status | Flags |
---|---|---|---|---|---|---|
r-devel-linux-x86_64-debian-clang | 1.0.0 | 4.70 | 51.97 | 56.67 | OK | |
r-devel-linux-x86_64-debian-gcc | 1.0.0 | 2.81 | 39.25 | 42.06 | OK | |
r-devel-linux-x86_64-fedora-clang | 1.0.0 | 72.49 | NOTE | |||
r-devel-linux-x86_64-fedora-gcc | 1.0.0 | 77.88 | OK | |||
r-devel-windows-x86_64 | 1.0.0 | 75.00 | 98.00 | 173.00 | OK | |
r-patched-linux-x86_64 | 1.0.0 | 4.87 | 46.15 | 51.02 | OK | |
r-release-linux-x86_64 | 1.0.0 | 4.11 | 49.30 | 53.41 | OK | |
r-release-macos-arm64 | 1.0.0 | 38.00 | OK | |||
r-release-macos-x86_64 | 1.0.0 | 72.00 | OK | |||
r-release-windows-x86_64 | 1.0.0 | 63.00 | 91.00 | 154.00 | OK | |
r-oldrel-macos-arm64 | 1.0.0 | 38.00 | OK | |||
r-oldrel-macos-x86_64 | 1.0.0 | 71.00 | OK | |||
r-oldrel-windows-ix86+x86_64 | 1.0.0 | 9.00 | 86.00 | 95.00 | OK |
Version: 1.0.0
Check: Rd cross-references
Result: NOTE
Undeclared package ‘hyperSpec’ in Rd xrefs
Flavor: r-devel-linux-x86_64-fedora-clang