CRAN Package Check Results for Package allMT

Last updated on 2024-03-04 12:52:08 CET.

Flavor Version Tinstall Tcheck Ttotal Status Flags
r-devel-linux-x86_64-debian-clang 0.1.0 15.07 125.35 140.42 NOTE
r-devel-linux-x86_64-debian-gcc 0.1.0 12.40 93.07 105.47 NOTE
r-devel-linux-x86_64-fedora-clang 0.1.0 178.62 NOTE
r-devel-linux-x86_64-fedora-gcc 0.1.0 184.39 NOTE
r-devel-windows-x86_64 0.1.0 15.00 103.00 118.00 NOTE
r-patched-linux-x86_64 0.1.0 14.48 120.76 135.24 OK
r-release-linux-x86_64 0.1.0 11.69 119.94 131.63 OK
r-release-macos-arm64 0.1.0 35.00 OK
r-release-macos-x86_64 0.1.0 86.00 OK
r-release-windows-x86_64 0.1.0 20.00 128.00 148.00 OK
r-oldrel-macos-arm64 0.1.0 33.00 OK
r-oldrel-windows-x86_64 0.1.0 20.00 130.00 150.00 OK

Check Details

Version: 0.1.0
Check: Rd files
Result: NOTE checkRd: (-1) compare_cohorts.Rd:35: Lost braces in \itemize; meant \describe ? checkRd: (-1) compare_cohorts.Rd:36: Lost braces in \itemize; meant \describe ? Flavors: r-devel-linux-x86_64-debian-clang, r-devel-linux-x86_64-debian-gcc, r-devel-linux-x86_64-fedora-clang, r-devel-linux-x86_64-fedora-gcc, r-devel-windows-x86_64