Last updated on 2023-12-01 17:52:26 CET.
Flavor | Version | Tinstall | Tcheck | Ttotal | Status | Flags |
---|---|---|---|---|---|---|
r-devel-linux-x86_64-debian-clang | 2.5.3 | 5.39 | 38.49 | 43.88 | NOTE | |
r-devel-linux-x86_64-debian-gcc | 2.5.3 | 5.16 | 29.64 | 34.80 | NOTE | |
r-devel-linux-x86_64-fedora-clang | 2.5.3 | 55.60 | OK | |||
r-devel-linux-x86_64-fedora-gcc | 2.5.3 | 53.17 | OK | |||
r-devel-windows-x86_64 | 2.5.3 | 5.00 | 50.00 | 55.00 | OK | |
r-patched-linux-x86_64 | 2.5.3 | 7.92 | 37.69 | 45.61 | OK | |
r-release-linux-x86_64 | 2.5.3 | 6.41 | 38.10 | 44.51 | OK | |
r-release-macos-arm64 | 2.5.3 | 24.00 | OK | |||
r-release-macos-x86_64 | 2.5.3 | 43.00 | OK | |||
r-release-windows-x86_64 | 2.5.3 | 6.00 | 53.00 | 59.00 | OK | |
r-oldrel-macos-arm64 | 2.5.3 | 22.00 | NOTE | |||
r-oldrel-macos-x86_64 | 2.5.3 | 31.00 | NOTE | |||
r-oldrel-windows-x86_64 | 2.5.3 | 8.00 | 58.00 | 66.00 | NOTE |
Version: 2.5.3
Check: Rd files
Result: NOTE
checkRd: (-1) amDataset.Rd:28: Lost braces
28 | A code{matrix} or \code{data.frame} containing samples in rows and alleles in columns.\cr
| ^
Flavors: r-devel-linux-x86_64-debian-clang, r-devel-linux-x86_64-debian-gcc
Version: 2.5.3
Check: S3 generic/method consistency
Result: NOTE
Found the following apparent S3 methods exported but not registered:
print.amAlleleFreq print.amDataset summary.amCluster
summary.amPairwise summary.amUnique
See section ‘Registering S3 methods’ in the ‘Writing R Extensions’
manual.
Flavors: r-oldrel-macos-arm64, r-oldrel-macos-x86_64, r-oldrel-windows-x86_64