CRAN Package Check Results for Package alone

Last updated on 2023-06-07 22:02:36 CEST.

Flavor Version Tinstall Tcheck Ttotal Status Flags
r-devel-linux-x86_64-debian-clang 0.2 2.02 23.78 25.80 OK
r-devel-linux-x86_64-debian-gcc 0.2 1.34 18.72 20.06 OK
r-devel-linux-x86_64-fedora-clang 0.2 33.22 NOTE
r-devel-linux-x86_64-fedora-gcc 0.2 30.02 NOTE
r-devel-windows-x86_64 0.2 6.00 42.00 48.00 OK
r-patched-linux-x86_64 0.2 1.82 22.86 24.68 OK
r-release-linux-x86_64 0.2 1.89 22.55 24.44 OK
r-release-macos-arm64 0.2 18.00 OK
r-release-macos-x86_64 0.1.1 23.00 OK
r-release-windows-x86_64 0.2 3.00 40.00 43.00 OK
r-oldrel-macos-arm64 0.2 21.00 OK
r-oldrel-macos-x86_64 0.2 39.00 OK
r-oldrel-windows-x86_64 0.2 4.00 43.00 47.00 OK

Check Details

Version: 0.2
Check: data for non-ASCII characters
Result: NOTE
     Note: found 115 marked UTF-8 strings
Flavors: r-devel-linux-x86_64-fedora-clang, r-devel-linux-x86_64-fedora-gcc