CRAN Package Check Results for Package alphabetr

Last updated on 2024-04-21 03:53:02 CEST.

Flavor Version Tinstall Tcheck Ttotal Status Flags
r-devel-linux-x86_64-debian-clang 0.2.2 55.05 169.06 224.11 NOTE
r-devel-linux-x86_64-debian-gcc 0.2.2 41.94 121.56 163.50 NOTE
r-devel-linux-x86_64-fedora-clang 0.2.2 297.60 NOTE
r-devel-linux-x86_64-fedora-gcc 0.2.2 305.85 NOTE
r-prerel-macos-arm64 0.2.2 80.00 NOTE
r-prerel-windows-x86_64 0.2.2 44.00 203.00 247.00 NOTE
r-patched-linux-x86_64 0.2.2 50.84 172.99 223.83 NOTE
r-release-linux-x86_64 0.2.2 56.00 171.40 227.40 NOTE
r-release-macos-arm64 0.2.2 94.00 NOTE
r-release-macos-x86_64 0.2.2 155.00 NOTE
r-release-windows-x86_64 0.2.2 54.00 235.00 289.00 NOTE
r-oldrel-macos-arm64 0.2.2 76.00 NOTE
r-oldrel-windows-x86_64 0.2.2 52.00 234.00 286.00 NOTE

Check Details

Version: 0.2.2
Check: LazyData
Result: NOTE 'LazyData' is specified without a 'data' directory Flavors: r-devel-linux-x86_64-debian-clang, r-devel-linux-x86_64-debian-gcc, r-devel-linux-x86_64-fedora-clang, r-devel-linux-x86_64-fedora-gcc, r-prerel-macos-arm64, r-prerel-windows-x86_64, r-patched-linux-x86_64, r-release-linux-x86_64, r-release-macos-arm64, r-release-macos-x86_64, r-release-windows-x86_64, r-oldrel-macos-arm64, r-oldrel-windows-x86_64

Version: 0.2.2
Check: compiled code
Result: NOTE File ‘alphabetr/libs/alphabetr.so’: Found no calls to: ‘R_registerRoutines’, ‘R_useDynamicSymbols’ It is good practice to register native routines and to disable symbol search. See ‘Writing portable packages’ in the ‘Writing R Extensions’ manual. Flavors: r-devel-linux-x86_64-fedora-clang, r-devel-linux-x86_64-fedora-gcc