CRAN Package Check Results for Package alphabetr

Last updated on 2021-04-19 04:51:16 CEST.

Flavor Version Tinstall Tcheck Ttotal Status Flags
r-devel-linux-x86_64-debian-clang 0.2.2 51.72 157.43 209.15 NOTE
r-devel-linux-x86_64-debian-gcc 0.2.2 30.93 122.74 153.67 NOTE
r-devel-linux-x86_64-fedora-clang 0.2.2 276.02 NOTE
r-devel-linux-x86_64-fedora-gcc 0.2.2 274.25 NOTE
r-devel-windows-ix86+x86_64 0.2.2 87.00 220.00 307.00 NOTE
r-devel-windows-x86_64-gcc10-UCRT 0.2.2 NOTE
r-patched-linux-x86_64 0.2.2 38.40 166.86 205.26 OK
r-patched-solaris-x86 0.2.2 534.40 OK
r-release-linux-x86_64 0.2.2 35.19 170.31 205.50 OK
r-release-macos-x86_64 0.2.2 OK
r-release-windows-ix86+x86_64 0.2.2 112.00 274.00 386.00 OK
r-oldrel-macos-x86_64 0.2.2 OK
r-oldrel-windows-ix86+x86_64 0.2.2 77.00 256.00 333.00 OK

Check Details

Version: 0.2.2
Check: LazyData
Result: NOTE
     'LazyData' is specified without a 'data' directory
Flavors: r-devel-linux-x86_64-debian-clang, r-devel-linux-x86_64-debian-gcc, r-devel-linux-x86_64-fedora-clang, r-devel-linux-x86_64-fedora-gcc, r-devel-windows-ix86+x86_64, r-devel-windows-x86_64-gcc10-UCRT

Version: 0.2.2
Check: compiled code
Result: NOTE
    File ‘alphabetr/libs/alphabetr.so’:
     Found no calls to: ‘R_registerRoutines’, ‘R_useDynamicSymbols’
    
    It is good practice to register native routines and to disable symbol
    search.
    
    See ‘Writing portable packages’ in the ‘Writing R Extensions’ manual.
Flavors: r-devel-linux-x86_64-fedora-clang, r-devel-linux-x86_64-fedora-gcc