Last updated on 2023-02-08 20:57:18 CET.
Flavor | Version | Tinstall | Tcheck | Ttotal | Status | Flags |
---|---|---|---|---|---|---|
r-devel-linux-x86_64-debian-clang | 0.2.2 | 51.38 | 164.46 | 215.84 | NOTE | |
r-devel-linux-x86_64-debian-gcc | 0.2.2 | 39.91 | 119.33 | 159.24 | NOTE | |
r-devel-linux-x86_64-fedora-clang | 0.2.2 | 306.51 | NOTE | |||
r-devel-linux-x86_64-fedora-gcc | 0.2.2 | 285.28 | NOTE | |||
r-devel-windows-x86_64 | 0.2.2 | 61.00 | 263.00 | 324.00 | NOTE | |
r-patched-linux-x86_64 | 0.2.2 | 40.12 | 169.78 | 209.90 | NOTE | |
r-release-linux-x86_64 | 0.2.2 | 34.33 | 174.50 | 208.83 | NOTE | |
r-release-macos-arm64 | 0.2.2 | 76.00 | NOTE | |||
r-release-macos-x86_64 | 0.2.2 | 110.00 | NOTE | |||
r-release-windows-x86_64 | 0.2.2 | 55.00 | 274.00 | 329.00 | NOTE | |
r-oldrel-macos-arm64 | 0.2.2 | 89.00 | NOTE | |||
r-oldrel-macos-x86_64 | 0.2.2 | 208.00 | NOTE | |||
r-oldrel-windows-ix86+x86_64 | 0.2.2 | 117.00 | 287.00 | 404.00 | NOTE |
Version: 0.2.2
Check: LazyData
Result: NOTE
'LazyData' is specified without a 'data' directory
Flavors: r-devel-linux-x86_64-debian-clang, r-devel-linux-x86_64-debian-gcc, r-devel-linux-x86_64-fedora-clang, r-devel-linux-x86_64-fedora-gcc, r-devel-windows-x86_64, r-patched-linux-x86_64, r-release-linux-x86_64, r-release-macos-arm64, r-release-macos-x86_64, r-release-windows-x86_64, r-oldrel-macos-arm64, r-oldrel-macos-x86_64, r-oldrel-windows-ix86+x86_64
Version: 0.2.2
Check: compiled code
Result: NOTE
File ‘alphabetr/libs/alphabetr.so’:
Found no calls to: ‘R_registerRoutines’, ‘R_useDynamicSymbols’
It is good practice to register native routines and to disable symbol
search.
See ‘Writing portable packages’ in the ‘Writing R Extensions’ manual.
Flavors: r-devel-linux-x86_64-fedora-clang, r-devel-linux-x86_64-fedora-gcc