CRAN Package Check Results for Package alphashape3d

Last updated on 2020-10-25 17:50:23 CET.

Flavor Version Tinstall Tcheck Ttotal Status Flags
r-devel-linux-x86_64-debian-clang 1.3 6.81 54.01 60.82 OK
r-devel-linux-x86_64-debian-gcc 1.3 5.52 41.53 47.05 OK
r-devel-linux-x86_64-fedora-clang 1.3 82.37 OK
r-devel-linux-x86_64-fedora-gcc 1.3 73.23 OK
r-devel-windows-ix86+x86_64 1.3 21.00 95.00 116.00 OK
r-patched-linux-x86_64 1.3 6.66 51.38 58.04 OK
r-patched-solaris-x86 1.3 95.00 OK
r-release-linux-x86_64 1.3 7.16 50.58 57.74 OK
r-release-macos-x86_64 1.3 OK
r-release-windows-ix86+x86_64 1.3 16.00 74.00 90.00 OK
r-oldrel-macos-x86_64 1.3 WARN
r-oldrel-windows-ix86+x86_64 1.3 15.00 93.00 108.00 OK

Check Details

Version: 1.3
Check: whether package can be installed
Result: WARN
    Found the following significant warnings:
     Warning: 'rgl_init' failed, running with rgl.useNULL = TRUE
Flavor: r-oldrel-macos-x86_64