CRAN Package Check Results for Package alphastable

Last updated on 2022-09-30 02:51:36 CEST.

Flavor Version Tinstall Tcheck Ttotal Status Flags
r-devel-linux-x86_64-debian-clang 0.2.1 8.10 40.82 48.92 NOTE
r-devel-linux-x86_64-debian-gcc 0.2.1 5.27 30.76 36.03 NOTE
r-devel-linux-x86_64-fedora-clang 0.2.1 69.32 NOTE
r-devel-linux-x86_64-fedora-gcc 0.2.1 67.94 NOTE
r-devel-windows-x86_64 0.2.1 21.00 65.00 86.00 NOTE
r-patched-linux-x86_64 0.2.1 7.18 39.14 46.32 NOTE
r-release-linux-x86_64 0.2.1 5.00 39.23 44.23 NOTE
r-release-macos-arm64 0.2.1 21.00 NOTE
r-release-macos-x86_64 0.2.1 31.00 NOTE
r-release-windows-x86_64 0.2.1 20.00 63.00 83.00 NOTE
r-oldrel-macos-arm64 0.2.1 26.00 NOTE
r-oldrel-macos-x86_64 0.2.1 36.00 NOTE
r-oldrel-windows-ix86+x86_64 0.2.1 12.00 60.00 72.00 NOTE

Check Details

Version: 0.2.1
Check: LazyData
Result: NOTE
     'LazyData' is specified without a 'data' directory
Flavors: r-devel-linux-x86_64-debian-clang, r-devel-linux-x86_64-debian-gcc, r-devel-linux-x86_64-fedora-clang, r-devel-linux-x86_64-fedora-gcc, r-devel-windows-x86_64, r-patched-linux-x86_64, r-release-linux-x86_64, r-release-macos-arm64, r-release-macos-x86_64, r-release-windows-x86_64, r-oldrel-macos-arm64, r-oldrel-macos-x86_64, r-oldrel-windows-ix86+x86_64