CRAN Package Check Results for Package alphavantager

Last updated on 2022-08-12 04:53:17 CEST.

Flavor Version Tinstall Tcheck Ttotal Status Flags
r-devel-linux-x86_64-debian-clang 0.1.2 5.24 52.48 57.72 NOTE
r-devel-linux-x86_64-debian-gcc 0.1.2 3.81 40.33 44.14 NOTE
r-devel-linux-x86_64-fedora-clang 0.1.2 85.97 NOTE
r-devel-linux-x86_64-fedora-gcc 0.1.2 81.19 NOTE
r-devel-windows-x86_64 0.1.2 14.00 75.00 89.00 NOTE
r-patched-linux-x86_64 0.1.2 3.86 50.22 54.08 NOTE
r-release-linux-x86_64 0.1.2 3.90 49.57 53.47 NOTE
r-release-macos-arm64 0.1.2 24.00 NOTE
r-release-macos-x86_64 0.1.2 40.00 NOTE
r-release-windows-x86_64 0.1.2 12.00 75.00 87.00 NOTE
r-oldrel-macos-arm64 0.1.2 28.00 NOTE
r-oldrel-macos-x86_64 0.1.2 43.00 NOTE
r-oldrel-windows-ix86+x86_64 0.1.2 17.00 72.00 89.00 NOTE

Check Details

Version: 0.1.2
Check: LazyData
Result: NOTE
     'LazyData' is specified without a 'data' directory
Flavors: r-devel-linux-x86_64-debian-clang, r-devel-linux-x86_64-debian-gcc, r-devel-linux-x86_64-fedora-clang, r-devel-linux-x86_64-fedora-gcc, r-devel-windows-x86_64, r-patched-linux-x86_64, r-release-linux-x86_64, r-release-macos-arm64, r-release-macos-x86_64, r-release-windows-x86_64, r-oldrel-macos-arm64, r-oldrel-macos-x86_64, r-oldrel-windows-ix86+x86_64