CRAN Package Check Results for Package alqrfe

Last updated on 2023-09-28 12:59:08 CEST.

Flavor Version Tinstall Tcheck Ttotal Status Flags
r-devel-linux-x86_64-debian-clang 1.1 30.40 35.28 65.68 NOTE
r-devel-linux-x86_64-debian-gcc 1.1 21.43 27.04 48.47 NOTE
r-devel-linux-x86_64-fedora-clang 1.1 94.51 NOTE
r-devel-linux-x86_64-fedora-gcc 1.1 95.05 NOTE
r-devel-windows-x86_64 1.1 26.00 69.00 95.00 NOTE
r-patched-linux-x86_64 1.1 33.81 34.16 67.97 NOTE
r-release-linux-x86_64 1.1 31.53 34.53 66.06 NOTE
r-release-macos-arm64 1.1 27.00 NOTE
r-release-macos-x86_64 1.1 44.00 NOTE
r-release-windows-x86_64 1.1 34.00 76.00 110.00 NOTE
r-oldrel-macos-arm64 1.1 29.00 OK
r-oldrel-macos-x86_64 1.1 39.00 OK
r-oldrel-windows-x86_64 1.1 33.00 73.00 106.00 OK

Check Details

Version: 1.1
Check: C++ specification
Result: NOTE
     Specified C++11: please drop specification unless essential
Flavors: r-devel-linux-x86_64-debian-clang, r-devel-linux-x86_64-debian-gcc, r-devel-linux-x86_64-fedora-clang, r-devel-linux-x86_64-fedora-gcc, r-devel-windows-x86_64, r-patched-linux-x86_64, r-release-linux-x86_64, r-release-macos-arm64, r-release-macos-x86_64, r-release-windows-x86_64