Last updated on 2023-02-05 03:53:37 CET.
Flavor | Version | Tinstall | Tcheck | Ttotal | Status | Flags |
---|---|---|---|---|---|---|
r-devel-linux-x86_64-debian-clang | 1.0.6 | 13.08 | 98.98 | 112.06 | NOTE | |
r-devel-linux-x86_64-debian-gcc | 1.0.6 | 10.22 | 75.96 | 86.18 | NOTE | |
r-devel-linux-x86_64-fedora-clang | 1.0.6 | 141.04 | NOTE | |||
r-devel-linux-x86_64-fedora-gcc | 1.0.6 | 136.88 | NOTE | |||
r-devel-windows-x86_64 | 1.0.6 | 53.00 | 165.00 | 218.00 | NOTE | |
r-patched-linux-x86_64 | 1.0.6 | 10.76 | 96.64 | 107.40 | OK | |
r-release-linux-x86_64 | 1.0.6 | 12.27 | 96.28 | 108.55 | OK | |
r-release-macos-arm64 | 1.0.6 | 41.00 | OK | |||
r-release-macos-x86_64 | 1.0.6 | 71.00 | OK | |||
r-release-windows-x86_64 | 1.0.6 | 50.00 | 161.00 | 211.00 | OK | |
r-oldrel-macos-arm64 | 1.0.6 | 53.00 | OK | |||
r-oldrel-macos-x86_64 | 1.0.6 | 62.00 | OK | |||
r-oldrel-windows-ix86+x86_64 | 1.0.6 | 27.00 | 144.00 | 171.00 | OK |
Version: 1.0.6
Check: Rd files
Result: NOTE
checkRd: (-1) UN1.Rd:16: Escaped LaTeX specials: \$
checkRd: (-1) rateprof.Rd:64: Escaped LaTeX specials: \&
Flavors: r-devel-linux-x86_64-debian-clang, r-devel-linux-x86_64-debian-gcc, r-devel-linux-x86_64-fedora-clang, r-devel-linux-x86_64-fedora-gcc, r-devel-windows-x86_64