CRAN Package Check Results for Package altR2

Last updated on 2024-03-02 06:51:46 CET.

Flavor Version Tinstall Tcheck Ttotal Status Flags
r-devel-linux-x86_64-debian-clang 1.0.0 3.30 33.60 36.90 NOTE
r-devel-linux-x86_64-debian-gcc 1.0.0 2.66 26.11 28.77 NOTE
r-devel-linux-x86_64-fedora-clang 1.0.0 45.08 NOTE
r-devel-linux-x86_64-fedora-gcc 1.0.0 43.91 NOTE
r-devel-windows-x86_64 1.0.0 4.00 52.00 56.00 NOTE
r-patched-linux-x86_64 1.0.0 3.54 32.95 36.49 NOTE
r-release-linux-x86_64 1.0.0 2.92 32.87 35.79 NOTE
r-release-macos-arm64 1.0.0 21.00 NOTE
r-release-macos-x86_64 1.0.0 26.00 NOTE
r-release-windows-x86_64 1.0.0 6.00 50.00 56.00 NOTE
r-oldrel-macos-arm64 1.0.0 19.00 NOTE
r-oldrel-windows-x86_64 1.0.0 5.00 58.00 63.00 NOTE

Check Details

Version: 1.0.0
Check: LazyData
Result: NOTE 'LazyData' is specified without a 'data' directory Flavors: r-devel-linux-x86_64-debian-clang, r-devel-linux-x86_64-debian-gcc, r-devel-linux-x86_64-fedora-clang, r-devel-linux-x86_64-fedora-gcc, r-devel-windows-x86_64, r-patched-linux-x86_64, r-release-linux-x86_64, r-release-macos-arm64, r-release-macos-x86_64, r-release-windows-x86_64, r-oldrel-macos-arm64, r-oldrel-windows-x86_64