CRAN Package Check Results for Package altmeta

Last updated on 2020-09-22 06:47:16 CEST.

Flavor Version Tinstall Tcheck Ttotal Status Flags
r-devel-linux-x86_64-debian-clang 3.1 12.57 108.16 120.73 OK
r-devel-linux-x86_64-debian-gcc 3.1 0.40 2.28 2.68 ERROR
r-devel-linux-x86_64-fedora-clang 3.1 156.54 OK
r-devel-linux-x86_64-fedora-gcc 3.1 148.26 OK
r-devel-windows-ix86+x86_64 3.1 27.00 116.00 143.00 OK
r-patched-linux-x86_64 3.1 12.82 104.51 117.33 OK
r-patched-solaris-x86 3.1 218.30 OK
r-release-linux-x86_64 3.1 12.92 105.76 118.68 OK
r-release-macos-x86_64 3.1 OK
r-release-windows-ix86+x86_64 3.1 28.00 116.00 144.00 OK
r-oldrel-macos-x86_64 3.1 OK
r-oldrel-windows-ix86+x86_64 3.1 18.00 131.00 149.00 OK

Check Details

Version: 3.1
Check: whether package can be installed
Result: ERROR
    Installation failed.
Flavor: r-devel-linux-x86_64-debian-gcc