Last updated on 2023-03-23 14:49:14 CET.
Flavor | Version | Tinstall | Tcheck | Ttotal | Status | Flags |
---|---|---|---|---|---|---|
r-devel-linux-x86_64-debian-clang | 0.2.3 | 9.75 | 139.03 | 148.78 | OK | |
r-devel-linux-x86_64-debian-gcc | 0.2.3 | 7.07 | 106.56 | 113.63 | OK | |
r-devel-linux-x86_64-fedora-clang | 0.2.3 | 125.53 | NOTE | |||
r-devel-linux-x86_64-fedora-gcc | 0.2.3 | 136.45 | NOTE | |||
r-devel-windows-x86_64 | 0.2.3 | 56.00 | 127.00 | 183.00 | NOTE | |
r-patched-linux-x86_64 | 0.2.3 | 9.91 | 135.99 | 145.90 | OK | |
r-release-linux-x86_64 | 0.2.3 | 6.61 | 135.34 | 141.95 | OK | |
r-release-macos-arm64 | 0.2.3 | 50.00 | NOTE | |||
r-release-macos-x86_64 | 0.2.3 | 75.00 | NOTE | |||
r-release-windows-x86_64 | 0.2.3 | 32.00 | 129.00 | 161.00 | NOTE | |
r-oldrel-macos-arm64 | 0.2.3 | 44.00 | NOTE | |||
r-oldrel-macos-x86_64 | 0.2.3 | 58.00 | NOTE | |||
r-oldrel-windows-ix86+x86_64 | 0.2.3 | 24.00 | 124.00 | 148.00 | NOTE |
Version: 0.2.3
Check: package dependencies
Result: NOTE
Package suggested but not available for checking: ‘metaboliteIDmapping’
Flavors: r-devel-linux-x86_64-fedora-clang, r-devel-linux-x86_64-fedora-gcc, r-devel-windows-x86_64, r-release-macos-arm64, r-release-macos-x86_64, r-release-windows-x86_64, r-oldrel-macos-arm64, r-oldrel-macos-x86_64, r-oldrel-windows-ix86+x86_64
Version: 0.2.3
Check: dependencies in R code
Result: NOTE
Namespace in Imports field not imported from: ‘magrittr’
All declared Imports should be used.
Flavors: r-devel-linux-x86_64-fedora-clang, r-devel-linux-x86_64-fedora-gcc, r-release-macos-arm64, r-release-macos-x86_64, r-oldrel-macos-arm64, r-oldrel-macos-x86_64