Last updated on 2023-02-03 14:53:36 CET.
Flavor | Version | Tinstall | Tcheck | Ttotal | Status | Flags |
---|---|---|---|---|---|---|
r-devel-linux-x86_64-debian-clang | 0.6.0 | 2.02 | 30.24 | 32.26 | OK | |
r-devel-linux-x86_64-debian-gcc | 0.6.0 | 2.08 | 23.14 | 25.22 | OK | |
r-devel-linux-x86_64-fedora-clang | 0.6.0 | 41.86 | NOTE | |||
r-devel-linux-x86_64-fedora-gcc | 0.6.0 | 51.51 | NOTE | |||
r-devel-windows-x86_64 | 0.6.0 | 27.00 | 66.00 | 93.00 | OK | |
r-patched-linux-x86_64 | 0.6.0 | 2.98 | 29.60 | 32.58 | OK | |
r-release-linux-x86_64 | 0.6.0 | 2.62 | 31.63 | 34.25 | OK | |
r-release-macos-arm64 | 0.6.0 | 19.00 | NOTE | |||
r-release-macos-x86_64 | 0.6.0 | 25.00 | NOTE | |||
r-release-windows-x86_64 | 0.6.0 | 30.00 | 72.00 | 102.00 | OK | |
r-oldrel-macos-arm64 | 0.6.0 | 26.00 | NOTE | |||
r-oldrel-macos-x86_64 | 0.6.0 | 35.00 | NOTE | |||
r-oldrel-windows-ix86+x86_64 | 0.6.0 | 6.00 | 62.00 | 68.00 | OK |
Version: 0.6.0
Check: dependencies in R code
Result: NOTE
Namespace in Imports field not imported from: ‘jsonlite’
All declared Imports should be used.
Flavors: r-devel-linux-x86_64-fedora-clang, r-devel-linux-x86_64-fedora-gcc, r-release-macos-arm64, r-release-macos-x86_64, r-oldrel-macos-arm64, r-oldrel-macos-x86_64