CRAN Package Check Results for Package ameco

Last updated on 2020-04-10 08:52:20 CEST.

Flavor Version Tinstall Tcheck Ttotal Status Flags
r-devel-linux-x86_64-debian-clang 0.2.9 23.92 60.86 84.78 OK
r-devel-linux-x86_64-debian-gcc 0.2.9 23.92 50.22 74.14 OK
r-devel-linux-x86_64-fedora-clang 0.2.9 113.90 NOTE
r-devel-linux-x86_64-fedora-gcc 0.2.9 116.09 OK
r-devel-windows-ix86+x86_64 0.2.9 37.00 65.00 102.00 NOTE
r-devel-windows-ix86+x86_64-gcc8 0.2.9 35.00 71.00 106.00 NOTE
r-patched-linux-x86_64 0.2.9 24.18 61.57 85.75 OK
r-patched-osx-x86_64 0.2.9 NOTE
r-patched-solaris-x86 0.2.9 212.90 NOTE
r-release-linux-x86_64 0.2.9 22.79 59.80 82.59 OK
r-release-windows-ix86+x86_64 0.2.9 36.00 93.00 129.00 NOTE
r-release-osx-x86_64 0.2.9 NOTE
r-oldrel-windows-ix86+x86_64 0.2.9 43.00 92.00 135.00 NOTE
r-oldrel-osx-x86_64 0.2.9 NOTE

Check Details

Version: 0.2.9
Check: installed package size
Result: NOTE
     installed size is 15.8Mb
     sub-directories of 1Mb or more:
     data 15.6Mb
Flavors: r-devel-linux-x86_64-fedora-clang, r-devel-windows-ix86+x86_64, r-devel-windows-ix86+x86_64-gcc8, r-patched-osx-x86_64, r-patched-solaris-x86, r-release-windows-ix86+x86_64, r-release-osx-x86_64, r-oldrel-windows-ix86+x86_64, r-oldrel-osx-x86_64