CRAN Package Check Results for Package amelie

Last updated on 2024-03-02 07:49:56 CET.

Flavor Version Tinstall Tcheck Ttotal Status Flags
r-devel-linux-x86_64-debian-clang 0.2.1 2.29 28.48 30.77 NOTE
r-devel-linux-x86_64-debian-gcc 0.2.1 1.63 22.03 23.66 NOTE
r-devel-linux-x86_64-fedora-clang 0.2.1 39.15 NOTE
r-devel-linux-x86_64-fedora-gcc 0.2.1 48.98 NOTE
r-devel-windows-x86_64 0.2.1 3.00 45.00 48.00 NOTE
r-patched-linux-x86_64 0.2.1 1.86 27.76 29.62 NOTE
r-release-linux-x86_64 0.2.1 1.47 28.02 29.49 NOTE
r-release-macos-arm64 0.2.1 23.00 NOTE
r-release-macos-x86_64 0.2.1 37.00 NOTE
r-release-windows-x86_64 0.2.1 3.00 47.00 50.00 NOTE
r-oldrel-macos-arm64 0.2.1 20.00 NOTE
r-oldrel-windows-x86_64 0.2.1 5.00 48.00 53.00 NOTE

Check Details

Version: 0.2.1
Check: LazyData
Result: NOTE 'LazyData' is specified without a 'data' directory Flavors: r-devel-linux-x86_64-debian-clang, r-devel-linux-x86_64-debian-gcc, r-devel-linux-x86_64-fedora-clang, r-devel-linux-x86_64-fedora-gcc, r-devel-windows-x86_64, r-patched-linux-x86_64, r-release-linux-x86_64, r-release-macos-arm64, r-release-macos-x86_64, r-release-windows-x86_64, r-oldrel-macos-arm64, r-oldrel-windows-x86_64