CRAN Package Check Results for Package amelie

Last updated on 2023-02-01 21:54:42 CET.

Flavor Version Tinstall Tcheck Ttotal Status Flags
r-devel-linux-x86_64-debian-clang 0.2.1 2.37 28.68 31.05 NOTE
r-devel-linux-x86_64-debian-gcc 0.2.1 1.56 22.10 23.66 NOTE
r-devel-linux-x86_64-fedora-clang 0.2.1 39.60 NOTE
r-devel-linux-x86_64-fedora-gcc 0.2.1 48.68 NOTE
r-devel-windows-x86_64 0.2.1 13.00 59.00 72.00 NOTE
r-patched-linux-x86_64 0.2.1 2.55 27.20 29.75 NOTE
r-release-linux-x86_64 0.2.1 2.16 28.60 30.76 NOTE
r-release-macos-arm64 0.2.1 16.00 NOTE
r-release-macos-x86_64 0.2.1 26.00 NOTE
r-release-windows-x86_64 0.2.1 16.00 59.00 75.00 NOTE
r-oldrel-macos-arm64 0.2.1 23.00 NOTE
r-oldrel-macos-x86_64 0.2.1 30.00 NOTE
r-oldrel-windows-ix86+x86_64 0.2.1 5.00 53.00 58.00 NOTE

Check Details

Version: 0.2.1
Check: LazyData
Result: NOTE
     'LazyData' is specified without a 'data' directory
Flavors: r-devel-linux-x86_64-debian-clang, r-devel-linux-x86_64-debian-gcc, r-devel-linux-x86_64-fedora-clang, r-devel-linux-x86_64-fedora-gcc, r-devel-windows-x86_64, r-patched-linux-x86_64, r-release-linux-x86_64, r-release-macos-arm64, r-release-macos-x86_64, r-release-windows-x86_64, r-oldrel-macos-arm64, r-oldrel-macos-x86_64, r-oldrel-windows-ix86+x86_64