Last updated on 2023-12-10 23:55:38 CET.
Flavor | Version | Tinstall | Tcheck | Ttotal | Status | Flags |
---|---|---|---|---|---|---|
r-devel-linux-x86_64-debian-clang | 1.4.4 | 6.12 | 52.25 | 58.37 | NOTE | --no-vignettes |
r-devel-linux-x86_64-debian-gcc | 1.4.4 | 5.13 | 38.53 | 43.66 | NOTE | --no-vignettes |
r-devel-linux-x86_64-fedora-clang | 1.4.4 | 77.52 | NOTE | --no-vignettes | ||
r-devel-linux-x86_64-fedora-gcc | 1.4.4 | 73.59 | NOTE | --no-vignettes | ||
r-devel-windows-x86_64 | 1.4.4 | 7.00 | 84.00 | 91.00 | NOTE | --no-vignettes |
r-patched-linux-x86_64 | 1.4.4 | 7.57 | 52.12 | 59.69 | NOTE | --no-vignettes |
r-release-linux-x86_64 | 1.4.4 | 7.83 | 51.16 | 58.99 | NOTE | --no-vignettes |
r-release-macos-arm64 | 1.4.4 | 598.00 | NOTE | |||
r-release-macos-x86_64 | 1.4.4 | 1391.00 | NOTE | |||
r-release-windows-x86_64 | 1.4.4 | 7.00 | 80.00 | 87.00 | NOTE | --no-vignettes |
r-oldrel-macos-arm64 | 1.4.4 | 931.00 | OK | |||
r-oldrel-macos-x86_64 | 1.4.4 | 1183.00 | OK | |||
r-oldrel-windows-x86_64 | 1.4.4 | 11.00 | 66.00 | 77.00 | OK | --no-vignettes |
Version: 1.4.4
Flags: --no-vignettes
Check: dependencies in R code
Result: NOTE
'library' or 'require' call to ‘network’ in package code.
Please use :: or requireNamespace() instead.
See section 'Suggested packages' in the 'Writing R Extensions' manual.
Flavors: r-devel-linux-x86_64-debian-clang, r-devel-linux-x86_64-debian-gcc, r-devel-linux-x86_64-fedora-clang, r-devel-linux-x86_64-fedora-gcc, r-devel-windows-x86_64, r-patched-linux-x86_64, r-release-linux-x86_64, r-release-windows-x86_64
Version: 1.4.4
Check: dependencies in R code
Result: NOTE
'library' or 'require' call to ‘network’ in package code.
Please use :: or requireNamespace() instead.
See section 'Suggested packages' in the 'Writing R Extensions' manual.
Flavors: r-release-macos-arm64, r-release-macos-x86_64