CRAN Package Check Results for Package amerifluxr

Last updated on 2022-07-04 01:50:01 CEST.

Flavor Version Tinstall Tcheck Ttotal Status Flags
r-devel-linux-x86_64-debian-clang 1.0.0 3.93 54.55 58.48 OK
r-devel-linux-x86_64-debian-gcc 1.0.0 4.10 40.95 45.05 OK
r-devel-linux-x86_64-fedora-clang 1.0.0 82.95 NOTE
r-devel-linux-x86_64-fedora-gcc 1.0.0 77.93 NOTE
r-devel-windows-x86_64 1.0.0 36.00 105.00 141.00 OK
r-patched-linux-x86_64 1.0.0 3.13 51.26 54.39 OK
r-release-linux-x86_64 1.0.0 3.51 51.39 54.90 OK
r-release-macos-arm64 1.0.0 48.00 NOTE
r-release-macos-x86_64 1.0.0 67.00 NOTE
r-release-windows-x86_64 1.0.0 35.00 109.00 144.00 OK
r-oldrel-macos-arm64 1.0.0 50.00 NOTE
r-oldrel-macos-x86_64 1.0.0 53.00 NOTE
r-oldrel-windows-ix86+x86_64 1.0.0 12.00 116.00 128.00 OK

Check Details

Version: 1.0.0
Check: data for non-ASCII characters
Result: NOTE
     Note: found 7 marked UTF-8 strings
Flavors: r-devel-linux-x86_64-fedora-clang, r-devel-linux-x86_64-fedora-gcc, r-release-macos-arm64, r-release-macos-x86_64, r-oldrel-macos-arm64, r-oldrel-macos-x86_64