CRAN Package Check Results for Package aml

Last updated on 2020-04-01 07:50:56 CEST.

Flavor Version Tinstall Tcheck Ttotal Status Flags
r-devel-linux-x86_64-debian-clang 0.1-1 2.21 44.14 46.35 NOTE
r-devel-linux-x86_64-debian-gcc 0.1-1 1.95 34.79 36.74 NOTE
r-devel-linux-x86_64-fedora-clang 0.1-1 55.35 NOTE
r-devel-linux-x86_64-fedora-gcc 0.1-1 56.14 NOTE
r-devel-windows-ix86+x86_64 0.1-1 6.00 58.00 64.00 NOTE
r-devel-windows-ix86+x86_64-gcc8 0.1-1 5.00 58.00 63.00 NOTE
r-patched-linux-x86_64 0.1-1 2.41 43.35 45.76 NOTE
r-patched-solaris-x86 0.1-1 96.70 NOTE
r-release-linux-x86_64 0.1-1 1.99 41.71 43.70 NOTE
r-release-windows-ix86+x86_64 0.1-1 5.00 76.00 81.00 NOTE
r-release-osx-x86_64 0.1-1 NOTE
r-oldrel-windows-ix86+x86_64 0.1-1 5.00 68.00 73.00 NOTE
r-oldrel-osx-x86_64 0.1-1 NOTE

Check Details

Version: 0.1-1
Check: R code for possible problems
Result: NOTE
    amltest: no visible global function definition for 'var'
    amltest: no visible global function definition for 'optim'
    amltest: no visible global function definition for 'lm'
    cleanclust: no visible global function definition for 'cor'
    cleanclust: no visible global function definition for 'hclust'
    cleanclust: no visible global function definition for 'as.dist'
    cleanclust: no visible global function definition for 'cutree'
    Undefined global functions or variables:
     as.dist cor cutree hclust lm optim var
    Consider adding
     importFrom("stats", "as.dist", "cor", "cutree", "hclust", "lm",
     "optim", "var")
    to your NAMESPACE file.
Flavors: r-devel-linux-x86_64-debian-clang, r-devel-linux-x86_64-debian-gcc, r-devel-linux-x86_64-fedora-clang, r-devel-linux-x86_64-fedora-gcc, r-devel-windows-ix86+x86_64, r-devel-windows-ix86+x86_64-gcc8, r-patched-linux-x86_64, r-patched-solaris-x86, r-release-linux-x86_64, r-release-windows-ix86+x86_64, r-release-osx-x86_64, r-oldrel-windows-ix86+x86_64, r-oldrel-osx-x86_64