CRAN Package Check Results for Package ammistability

Last updated on 2020-04-02 20:48:18 CEST.

Flavor Version Tinstall Tcheck Ttotal Status Flags
r-devel-linux-x86_64-debian-clang 0.1.1 7.55 85.82 93.37 OK
r-devel-linux-x86_64-debian-gcc 0.1.1 6.64 65.54 72.18 OK
r-devel-linux-x86_64-fedora-clang 0.1.1 103.60 OK
r-devel-linux-x86_64-fedora-gcc 0.1.1 103.58 OK
r-devel-windows-ix86+x86_64 0.1.1 21.00 96.00 117.00 OK
r-devel-windows-ix86+x86_64-gcc8 0.1.1 18.00 98.00 116.00 OK
r-patched-linux-x86_64 0.1.1 7.67 83.26 90.93 OK
r-patched-solaris-x86 0.1.1 139.30 WARN
r-release-linux-x86_64 0.1.1 4.72 77.97 82.69 OK
r-release-windows-ix86+x86_64 0.1.1 14.00 105.00 119.00 OK
r-release-osx-x86_64 0.1.1 WARN
r-oldrel-windows-ix86+x86_64 0.1.1 14.00 99.00 113.00 OK
r-oldrel-osx-x86_64 0.1.1 WARN

Check Details

Version: 0.1.1
Check: re-building of vignette outputs
Result: WARN
    Error(s) in re-building vignettes:
     ...
    --- re-building ‘Introduction.Rmd’ using rmarkdown_notangle
    Warning in engine$weave(file, quiet = quiet, encoding = enc) :
     Pandoc (>= 1.12.3) and/or pandoc-citeproc not available. Falling back to R Markdown v1.
    Quitting from lines 49-64 (Introduction.Rmd)
    Error: processing vignette 'Introduction.Rmd' failed with diagnostics:
    EXPR must be a length 1 vector
    --- failed re-building ‘Introduction.Rmd’
    
    SUMMARY: processing the following file failed:
     ‘Introduction.Rmd’
    
    Error: Vignette re-building failed.
    Execution halted
Flavors: r-patched-solaris-x86, r-release-osx-x86_64

Version: 0.1.1
Check: re-building of vignette outputs
Result: WARN
    Error in re-building vignettes:
     ...
    Warning in engine$weave(file, quiet = quiet, encoding = enc) :
     Pandoc (>= 1.12.3) and/or pandoc-citeproc not available. Falling back to R Markdown v1.
    Quitting from lines 49-64 (Introduction.Rmd)
    Error: processing vignette 'Introduction.Rmd' failed with diagnostics:
    EXPR must be a length 1 vector
    Execution halted
Flavor: r-oldrel-osx-x86_64