CRAN Package Check Results for Package ampd

Last updated on 2022-12-09 22:55:46 CET.

Flavor Version Tinstall Tcheck Ttotal Status Flags
r-devel-linux-x86_64-debian-clang 0.2 2.19 21.67 23.86 NOTE
r-devel-linux-x86_64-debian-gcc 0.2 1.57 17.25 18.82 NOTE
r-devel-linux-x86_64-fedora-clang 0.2 40.43 NOTE
r-devel-linux-x86_64-fedora-gcc 0.2 38.46 NOTE
r-devel-windows-x86_64 0.2 7.00 44.00 51.00 NOTE
r-patched-linux-x86_64 0.2 2.09 20.22 22.31 NOTE
r-release-linux-x86_64 0.2 1.73 20.57 22.30 NOTE
r-release-macos-arm64 0.2 12.00 NOTE
r-release-macos-x86_64 0.2 21.00 NOTE
r-release-windows-x86_64 0.2 4.00 40.00 44.00 NOTE
r-oldrel-macos-arm64 0.2 18.00 NOTE
r-oldrel-macos-x86_64 0.2 25.00 NOTE
r-oldrel-windows-ix86+x86_64 0.2 4.00 31.00 35.00 NOTE

Check Details

Version: 0.2
Check: LazyData
Result: NOTE
     'LazyData' is specified without a 'data' directory
Flavors: r-devel-linux-x86_64-debian-clang, r-devel-linux-x86_64-debian-gcc, r-devel-linux-x86_64-fedora-clang, r-devel-linux-x86_64-fedora-gcc, r-devel-windows-x86_64, r-patched-linux-x86_64, r-release-linux-x86_64, r-release-macos-arm64, r-release-macos-x86_64, r-release-windows-x86_64, r-oldrel-macos-arm64, r-oldrel-macos-x86_64, r-oldrel-windows-ix86+x86_64