CRAN Package Check Results for Package ampd

Last updated on 2024-02-27 23:08:06 CET.

Flavor Version Tinstall Tcheck Ttotal Status Flags
r-devel-linux-x86_64-debian-clang 0.2 2.13 20.48 22.61 NOTE
r-devel-linux-x86_64-debian-gcc 0.2 1.48 15.94 17.42 NOTE
r-devel-linux-x86_64-fedora-clang 0.2 27.59 NOTE
r-devel-linux-x86_64-fedora-gcc 0.2 26.52 NOTE
r-devel-windows-x86_64 0.2 2.00 34.00 36.00 NOTE
r-patched-linux-x86_64 0.2 1.85 20.19 22.04 NOTE
r-release-linux-x86_64 0.2 1.74 20.10 21.84 NOTE
r-release-macos-arm64 0.2 15.00 NOTE
r-release-macos-x86_64 0.2 18.00 NOTE
r-release-windows-x86_64 0.2 2.00 33.00 35.00 NOTE
r-oldrel-macos-arm64 0.2 15.00 NOTE
r-oldrel-windows-x86_64 0.2 4.00 40.00 44.00 NOTE

Check Details

Version: 0.2
Check: LazyData
Result: NOTE 'LazyData' is specified without a 'data' directory Flavors: r-devel-linux-x86_64-debian-clang, r-devel-linux-x86_64-debian-gcc, r-devel-linux-x86_64-fedora-clang, r-devel-linux-x86_64-fedora-gcc, r-devel-windows-x86_64, r-patched-linux-x86_64, r-release-linux-x86_64, r-release-macos-arm64, r-release-macos-x86_64, r-release-windows-x86_64, r-oldrel-macos-arm64, r-oldrel-windows-x86_64