Last updated on 2023-10-01 10:00:09 CEST.
Flavor | Version | Tinstall | Tcheck | Ttotal | Status | Flags |
---|---|---|---|---|---|---|
r-devel-linux-x86_64-debian-clang | 1.1.0 | 37.86 | 180.40 | 218.26 | OK | |
r-devel-linux-x86_64-debian-gcc | 1.1.0 | 26.89 | 132.80 | 159.69 | OK | |
r-devel-linux-x86_64-fedora-clang | 1.1.0 | 272.22 | NOTE | |||
r-devel-linux-x86_64-fedora-gcc | 1.1.0 | 284.61 | NOTE | |||
r-devel-windows-x86_64 | 1.1.0 | 35.00 | 155.00 | 190.00 | OK | |
r-patched-linux-x86_64 | 1.1.0 | 35.18 | 168.61 | 203.79 | OK | |
r-release-linux-x86_64 | 1.1.0 | 24.89 | 173.24 | 198.13 | OK | |
r-release-macos-arm64 | 1.1.0 | 84.00 | OK | |||
r-release-macos-x86_64 | 1.1.0 | 138.00 | OK | |||
r-release-windows-x86_64 | 1.1.0 | 41.00 | 189.00 | 230.00 | OK | |
r-oldrel-macos-arm64 | 1.1.0 | 63.00 | NOTE | |||
r-oldrel-macos-x86_64 | 1.1.0 | 115.00 | NOTE | |||
r-oldrel-windows-x86_64 | 1.1.0 | 41.00 | 178.00 | 219.00 | OK |
Version: 1.1.0
Check: dependencies in R code
Result: NOTE
Namespace in Imports field not imported from: ‘kernlab’
All declared Imports should be used.
Flavors: r-devel-linux-x86_64-fedora-clang, r-devel-linux-x86_64-fedora-gcc, r-oldrel-macos-arm64, r-oldrel-macos-x86_64