CRAN Package Check Results for Package ampir

Last updated on 2020-05-31 08:49:41 CEST.

Flavor Version Tinstall Tcheck Ttotal Status Flags
r-devel-linux-x86_64-debian-clang 1.0.0 31.03 138.70 169.73 OK
r-devel-linux-x86_64-debian-gcc 1.0.0 25.43 104.37 129.80 OK
r-devel-linux-x86_64-fedora-clang 1.0.0 208.75 NOTE
r-devel-linux-x86_64-fedora-gcc 1.0.0 198.93 NOTE
r-devel-windows-ix86+x86_64 1.0.0 90.00 269.00 359.00 OK
r-patched-linux-x86_64 1.0.0 24.46 134.31 158.77 OK
r-patched-solaris-x86 1.0.0 291.00 NOTE
r-release-linux-x86_64 1.0.0 25.49 136.40 161.89 OK
r-release-osx-x86_64 1.0.0 NOTE
r-release-windows-ix86+x86_64 1.0.0 74.00 216.00 290.00 OK
r-oldrel-osx-x86_64 1.0.0 NOTE
r-oldrel-windows-ix86+x86_64 1.0.0 65.00 206.00 271.00 OK

Check Details

Version: 1.0.0
Check: dependencies in R code
Result: NOTE
    Namespace in Imports field not imported from: ‘kernlab’
     All declared Imports should be used.
Flavors: r-devel-linux-x86_64-fedora-clang, r-devel-linux-x86_64-fedora-gcc, r-patched-solaris-x86, r-release-osx-x86_64, r-oldrel-osx-x86_64