CRAN Package Check Results for Package ampir

Last updated on 2022-11-29 10:51:14 CET.

Flavor Version Tinstall Tcheck Ttotal Status Flags
r-devel-linux-x86_64-debian-clang 1.1.0 27.21 181.94 209.15 OK
r-devel-linux-x86_64-debian-gcc 1.1.0 28.42 133.38 161.80 OK
r-devel-linux-x86_64-fedora-clang 1.1.0 283.69 NOTE
r-devel-linux-x86_64-fedora-gcc 1.1.0 265.93 NOTE
r-devel-windows-x86_64 1.1.0 57.00 215.00 272.00 OK
r-patched-linux-x86_64 1.1.0 22.95 167.62 190.57 OK
r-release-linux-x86_64 1.1.0 23.29 163.35 186.64 OK
r-release-macos-arm64 1.1.0 63.00 NOTE
r-release-macos-x86_64 1.1.0 115.00 NOTE
r-release-windows-x86_64 1.1.0 48.00 206.00 254.00 OK
r-oldrel-macos-arm64 1.1.0 72.00 NOTE
r-oldrel-macos-x86_64 1.1.0 87.00 NOTE
r-oldrel-windows-ix86+x86_64 1.1.0 80.00 267.00 347.00 OK

Check Details

Version: 1.1.0
Check: dependencies in R code
Result: NOTE
    Namespace in Imports field not imported from: ‘kernlab’
     All declared Imports should be used.
Flavors: r-devel-linux-x86_64-fedora-clang, r-devel-linux-x86_64-fedora-gcc, r-release-macos-arm64, r-release-macos-x86_64, r-oldrel-macos-arm64, r-oldrel-macos-x86_64