CRAN Package Check Results for Package ampir

Last updated on 2023-04-01 17:51:34 CEST.

Flavor Version Tinstall Tcheck Ttotal Status Flags
r-devel-linux-x86_64-debian-clang 1.1.0 35.13 179.10 214.23 OK
r-devel-linux-x86_64-debian-gcc 1.1.0 30.29 134.52 164.81 OK
r-devel-linux-x86_64-fedora-clang 1.1.0 274.04 NOTE
r-devel-linux-x86_64-fedora-gcc 1.1.0 288.40 NOTE
r-devel-windows-x86_64 1.1.0 47.00 217.00 264.00 OK
r-patched-linux-x86_64 1.1.0 33.46 170.21 203.67 OK
r-release-linux-x86_64 1.1.0 28.81 166.66 195.47 OK
r-release-macos-arm64 1.1.0 63.00 NOTE
r-release-macos-x86_64 1.1.0 115.00 NOTE
r-release-windows-x86_64 1.1.0 42.00 217.00 259.00 OK
r-oldrel-macos-arm64 1.1.0 72.00 NOTE
r-oldrel-macos-x86_64 1.1.0 87.00 NOTE
r-oldrel-windows-ix86+x86_64 1.1.0 81.00 254.00 335.00 OK

Check Details

Version: 1.1.0
Check: dependencies in R code
Result: NOTE
    Namespace in Imports field not imported from: ‘kernlab’
     All declared Imports should be used.
Flavors: r-devel-linux-x86_64-fedora-clang, r-devel-linux-x86_64-fedora-gcc, r-release-macos-arm64, r-release-macos-x86_64, r-oldrel-macos-arm64, r-oldrel-macos-x86_64