CRAN Package Check Results for Package amt

Last updated on 2019-05-24 13:48:13 CEST.

Flavor Version Tinstall Tcheck Ttotal Status Flags
r-devel-linux-x86_64-debian-clang 0.0.6 49.54 200.04 249.58 OK
r-devel-linux-x86_64-debian-gcc 0.0.6 36.44 151.78 188.22 OK
r-devel-linux-x86_64-fedora-clang 0.0.6 328.01 NOTE
r-devel-linux-x86_64-fedora-gcc 0.0.6 286.42 NOTE
r-devel-windows-ix86+x86_64 0.0.6 95.00 295.00 390.00 OK
r-patched-linux-x86_64 0.0.6 43.13 193.05 236.18 OK
r-patched-solaris-x86 0.0.6 372.80 NOTE
r-release-linux-x86_64 0.0.6 42.91 194.88 237.79 OK
r-release-windows-ix86+x86_64 0.0.6 133.00 394.00 527.00 OK
r-release-osx-x86_64 0.0.6 NOTE
r-oldrel-windows-ix86+x86_64 0.0.6 106.00 372.00 478.00 OK
r-oldrel-osx-x86_64 0.0.6 NOTE

Check Details

Version: 0.0.6
Check: dependencies in R code
Result: NOTE
    Namespaces in Imports field not imported from:
     ‘Rcpp’ ‘magrittr’
     All declared Imports should be used.
Flavors: r-devel-linux-x86_64-fedora-clang, r-devel-linux-x86_64-fedora-gcc, r-patched-solaris-x86, r-release-osx-x86_64, r-oldrel-osx-x86_64