CRAN Package Check Results for Package analogsea

Last updated on 2025-01-26 02:49:12 CET.

Flavor Version Tinstall Tcheck Ttotal Status Flags
r-devel-linux-x86_64-debian-clang 1.0.7.2 4.20 38.57 42.77 OK
r-devel-linux-x86_64-debian-gcc 1.0.7.2 3.29 27.77 31.06 OK
r-devel-linux-x86_64-fedora-clang 1.0.7.2 73.17 OK
r-devel-linux-x86_64-fedora-gcc 1.0.7.2 63.36 OK
r-devel-windows-x86_64 1.0.7.2 6.00 74.00 80.00 OK
r-patched-linux-x86_64 1.0.7.2 6.25 36.22 42.47 OK
r-release-linux-x86_64 1.0.7.2 3.39 36.42 39.81 OK
r-release-macos-arm64 1.0.7.2 25.00 OK
r-release-macos-x86_64 1.0.7.2 34.00 NOTE
r-release-windows-x86_64 1.0.7.2 6.00 76.00 82.00 OK
r-oldrel-macos-arm64 1.0.7.2 26.00 OK
r-oldrel-macos-x86_64 1.0.7.2 44.00 OK
r-oldrel-windows-x86_64 1.0.7.2 7.00 80.00 87.00 OK

Check Details

Version: 1.0.7.2
Check: package dependencies
Result: NOTE Package suggested but not available for checking: ‘arrow’ Flavor: r-release-macos-x86_64