Last updated on 2023-02-05 01:54:10 CET.
Flavor | Version | Tinstall | Tcheck | Ttotal | Status | Flags |
---|---|---|---|---|---|---|
r-devel-linux-x86_64-debian-clang | 0.17-6 | 21.50 | 190.67 | 212.17 | NOTE | |
r-devel-linux-x86_64-debian-gcc | 0.17-6 | 15.78 | 141.79 | 157.57 | NOTE | |
r-devel-linux-x86_64-fedora-clang | 0.17-6 | 260.49 | NOTE | |||
r-devel-linux-x86_64-fedora-gcc | 0.17-6 | 263.55 | NOTE | |||
r-devel-windows-x86_64 | 0.17-6 | 116.00 | 267.00 | 383.00 | NOTE | |
r-patched-linux-x86_64 | 0.17-6 | 22.66 | 174.50 | 197.16 | OK | |
r-release-linux-x86_64 | 0.17-6 | 19.12 | 174.97 | 194.09 | OK | |
r-release-macos-arm64 | 0.17-6 | 78.00 | OK | |||
r-release-macos-x86_64 | 0.17-6 | 105.00 | OK | |||
r-release-windows-x86_64 | 0.17-6 | 102.00 | 276.00 | 378.00 | OK | |
r-oldrel-macos-arm64 | 0.17-6 | 92.00 | OK | |||
r-oldrel-macos-x86_64 | 0.17-6 | 101.00 | OK | |||
r-oldrel-windows-ix86+x86_64 | 0.17-6 | 41.00 | 305.00 | 346.00 | OK |
Version: 0.17-6
Check: Rd files
Result: NOTE
checkRd: (-1) deshrink.Rd:55: Escaped LaTeX specials: \&
checkRd: (-1) deshrink.Rd:51: Escaped LaTeX specials: \&
checkRd: (-1) plot.mat.Rd:60: Escaped LaTeX specials: \&
checkRd: (-1) plot.wa.Rd:46: Escaped LaTeX specials: \&
checkRd: (-1) predict.prcurve.Rd:5: Escaped LaTeX specials: \&
Flavors: r-devel-linux-x86_64-debian-clang, r-devel-linux-x86_64-debian-gcc, r-devel-linux-x86_64-fedora-clang, r-devel-linux-x86_64-fedora-gcc, r-devel-windows-x86_64