CRAN Package Check Results for Package analytics

Last updated on 2019-08-19 11:48:57 CEST.

Flavor Version Tinstall Tcheck Ttotal Status Flags
r-devel-linux-x86_64-debian-clang 3.0 18.91 135.42 154.33 NOTE
r-devel-linux-x86_64-debian-gcc 3.0 15.14 114.02 129.16 NOTE
r-devel-linux-x86_64-fedora-clang 3.0 178.28 NOTE
r-devel-linux-x86_64-fedora-gcc 3.0 175.98 NOTE
r-devel-windows-ix86+x86_64 3.0 51.00 206.00 257.00 OK
r-patched-linux-x86_64 3.0 18.12 136.20 154.32 OK
r-patched-solaris-x86 3.0 284.50 OK
r-release-linux-x86_64 3.0 18.00 133.38 151.38 OK
r-release-windows-ix86+x86_64 3.0 38.00 131.00 169.00 OK
r-release-osx-x86_64 3.0 OK
r-oldrel-windows-ix86+x86_64 3.0 32.00 189.00 221.00 OK
r-oldrel-osx-x86_64 3.0 OK

Check Details

Version: 3.0
Check: for non-standard things in the check directory
Result: NOTE
    Found the following files/directories:
     'NUL'
Flavors: r-devel-linux-x86_64-debian-clang, r-devel-linux-x86_64-debian-gcc, r-devel-linux-x86_64-fedora-clang, r-devel-linux-x86_64-fedora-gcc