CRAN Package Check Results for Package analytics

Last updated on 2019-06-15 22:58:32 CEST.

Flavor Version Tinstall Tcheck Ttotal Status Flags
r-devel-linux-x86_64-debian-clang 3.0 16.83 132.67 149.50 NOTE
r-devel-linux-x86_64-debian-gcc 3.0 13.80 110.79 124.59 NOTE
r-devel-linux-x86_64-fedora-clang 3.0 141.97 NOTE
r-devel-linux-x86_64-fedora-gcc 3.0 138.35 NOTE
r-devel-windows-ix86+x86_64 3.0 46.00 191.00 237.00 OK
r-patched-linux-x86_64 3.0 17.79 134.15 151.94 OK
r-patched-solaris-x86 3.0 240.90 OK
r-release-linux-x86_64 3.0 17.34 133.63 150.97 OK
r-release-windows-ix86+x86_64 3.0 32.00 188.00 220.00 OK
r-release-osx-x86_64 3.0 OK
r-oldrel-windows-ix86+x86_64 3.0 24.00 190.00 214.00 OK
r-oldrel-osx-x86_64 3.0 OK

Check Details

Version: 3.0
Check: for non-standard things in the check directory
Result: NOTE
    Found the following files/directories:
     'NUL'
Flavors: r-devel-linux-x86_64-debian-clang, r-devel-linux-x86_64-debian-gcc, r-devel-linux-x86_64-fedora-clang, r-devel-linux-x86_64-fedora-gcc