CRAN Package Check Results for Package analyzer

Last updated on 2020-10-30 14:46:42 CET.

Flavor Version Tinstall Tcheck Ttotal Status Flags
r-devel-linux-x86_64-debian-clang 1.0.1 6.14 79.51 85.65 OK
r-devel-linux-x86_64-debian-gcc 1.0.1 5.27 58.24 63.51 OK
r-devel-linux-x86_64-fedora-clang 1.0.1 106.92 OK
r-devel-linux-x86_64-fedora-gcc 1.0.1 97.25 OK
r-devel-windows-ix86+x86_64 1.0.1 13.00 101.00 114.00 OK
r-patched-linux-x86_64 1.0.1 4.70 74.30 79.00 OK
r-patched-solaris-x86 1.0.1 130.90 OK
r-release-linux-x86_64 1.0.1 6.28 74.07 80.35 OK
r-release-macos-x86_64 1.0.1 OK
r-release-windows-ix86+x86_64 1.0.1 11.00 101.00 112.00 OK
r-oldrel-macos-x86_64 1.0.1 NOTE
r-oldrel-windows-ix86+x86_64 1.0.1 11.00 100.00 111.00 NOTE

Check Details

Version: 1.0.1
Check: R code for possible problems
Result: NOTE
    plottr: no visible global function definition for ‘plot’
    print.analyzerPlot: no visible global function definition for ‘plot’
    Undefined global functions or variables:
     plot
    Consider adding
     importFrom("graphics", "plot")
    to your NAMESPACE file.
Flavors: r-oldrel-macos-x86_64, r-oldrel-windows-ix86+x86_64