Last updated on 2022-05-18 04:49:29 CEST.
Flavor | Version | Tinstall | Tcheck | Ttotal | Status | Flags |
---|---|---|---|---|---|---|
r-devel-linux-x86_64-debian-clang | 1.0.1 | 6.77 | 106.71 | 113.48 | NOTE | |
r-devel-linux-x86_64-debian-gcc | 1.0.1 | 5.08 | 77.38 | 82.46 | NOTE | |
r-devel-linux-x86_64-fedora-clang | 1.0.1 | 140.67 | NOTE | |||
r-devel-linux-x86_64-fedora-gcc | 1.0.1 | 126.28 | NOTE | |||
r-devel-windows-x86_64 | 1.0.1 | 36.00 | 120.00 | 156.00 | NOTE | |
r-patched-linux-x86_64 | 1.0.1 | 7.48 | 99.54 | 107.02 | NOTE | |
r-release-linux-x86_64 | 1.0.1 | 5.24 | 99.08 | 104.32 | NOTE | |
r-release-macos-arm64 | 1.0.1 | 40.00 | NOTE | |||
r-release-macos-x86_64 | 1.0.1 | 52.00 | NOTE | |||
r-release-windows-x86_64 | 1.0.1 | 34.00 | 125.00 | 159.00 | NOTE | |
r-oldrel-macos-arm64 | 1.0.1 | 54.00 | NOTE | |||
r-oldrel-macos-x86_64 | 1.0.1 | 79.00 | NOTE | |||
r-oldrel-windows-ix86+x86_64 | 1.0.1 | 18.00 | 115.00 | 133.00 | NOTE |
Version: 1.0.1
Check: LazyData
Result: NOTE
'LazyData' is specified without a 'data' directory
Flavors: r-devel-linux-x86_64-debian-clang, r-devel-linux-x86_64-debian-gcc, r-devel-linux-x86_64-fedora-clang, r-devel-linux-x86_64-fedora-gcc, r-devel-windows-x86_64, r-patched-linux-x86_64, r-release-linux-x86_64, r-release-macos-arm64, r-release-macos-x86_64, r-release-windows-x86_64, r-oldrel-macos-arm64, r-oldrel-macos-x86_64, r-oldrel-windows-ix86+x86_64