Last updated on 2023-12-06 10:58:19 CET.
Flavor | Version | Tinstall | Tcheck | Ttotal | Status | Flags |
---|---|---|---|---|---|---|
r-devel-linux-x86_64-debian-clang | 2.3 | 3.83 | 30.76 | 34.59 | NOTE | |
r-devel-linux-x86_64-debian-gcc | 2.3 | 3.23 | 24.11 | 27.34 | NOTE | |
r-devel-linux-x86_64-fedora-clang | 2.3 | 44.40 | NOTE | |||
r-devel-linux-x86_64-fedora-gcc | 2.3 | 42.00 | NOTE | |||
r-devel-windows-x86_64 | 2.3 | 4.00 | 44.00 | 48.00 | NOTE | |
r-patched-linux-x86_64 | 2.3 | 5.05 | 30.36 | 35.41 | NOTE | |
r-release-linux-x86_64 | 2.3 | 2.97 | 30.45 | 33.42 | NOTE | |
r-release-macos-arm64 | 2.3 | 19.00 | OK | |||
r-release-macos-x86_64 | 2.3 | 27.00 | OK | |||
r-release-windows-x86_64 | 2.3 | 5.00 | 43.00 | 48.00 | OK | |
r-oldrel-macos-arm64 | 2.3 | 18.00 | OK | |||
r-oldrel-macos-x86_64 | 2.3 | 27.00 | OK | |||
r-oldrel-windows-x86_64 | 2.3 | 9.00 | 49.00 | 58.00 | OK |
Version: 2.3
Check: Rd contents
Result: NOTE
Auto-generated content requiring editing in Rd file 'rowVars.Rd':
\arguments: \dots: ‘~~Describe \code{\dots} here~~’
Flavors: r-devel-linux-x86_64-debian-clang, r-devel-linux-x86_64-debian-gcc, r-devel-linux-x86_64-fedora-clang, r-devel-linux-x86_64-fedora-gcc, r-devel-windows-x86_64
Version: 2.3
Check: for non-standard things in the check directory
Result: NOTE
Found the following files/directories:
‘BH-0.05-ListOfGenes.txt’ ‘BH-0.05-VM-ListOfGenes.txt’
‘CompleteListOfGenes.txt’ ‘GenesOutOfAnalysis.txt’
‘GenesOutOfAnalysis_NotEnoughObs.txt’
‘GenesOutOfAnalysis_NullVar.txt’ ‘VM-CompleteListOfGenes.txt’
‘bonferroni-0.05-ListOfGenes.txt’
‘bonferroni-0.05-VM-ListOfGenes.txt’
Flavors: r-devel-linux-x86_64-debian-clang, r-devel-linux-x86_64-debian-gcc, r-devel-linux-x86_64-fedora-clang, r-devel-linux-x86_64-fedora-gcc, r-patched-linux-x86_64, r-release-linux-x86_64