Last updated on 2023-02-05 00:55:12 CET.
Flavor | Version | Tinstall | Tcheck | Ttotal | Status | Flags |
---|---|---|---|---|---|---|
r-devel-linux-x86_64-debian-clang | 2.3 | 2.58 | 31.63 | 34.21 | NOTE | |
r-devel-linux-x86_64-debian-gcc | 2.3 | 3.33 | 23.75 | 27.08 | NOTE | |
r-devel-linux-x86_64-fedora-clang | 2.3 | 43.83 | NOTE | |||
r-devel-linux-x86_64-fedora-gcc | 2.3 | 42.45 | NOTE | |||
r-devel-windows-x86_64 | 2.3 | 21.00 | 60.00 | 81.00 | OK | |
r-patched-linux-x86_64 | 2.3 | 4.79 | 29.24 | 34.03 | NOTE | |
r-release-linux-x86_64 | 2.3 | 2.96 | 30.44 | 33.40 | NOTE | |
r-release-macos-arm64 | 2.3 | 17.00 | OK | |||
r-release-macos-x86_64 | 2.3 | 27.00 | OK | |||
r-release-windows-x86_64 | 2.3 | 9.00 | 49.00 | 58.00 | OK | |
r-oldrel-macos-arm64 | 2.3 | 24.00 | OK | |||
r-oldrel-macos-x86_64 | 2.3 | 32.00 | OK | |||
r-oldrel-windows-ix86+x86_64 | 2.3 | 7.00 | 40.00 | 47.00 | OK |
Version: 2.3
Check: for non-standard things in the check directory
Result: NOTE
Found the following files/directories:
‘BH-0.05-ListOfGenes.txt’ ‘BH-0.05-VM-ListOfGenes.txt’
‘CompleteListOfGenes.txt’ ‘GenesOutOfAnalysis.txt’
‘GenesOutOfAnalysis_NotEnoughObs.txt’
‘GenesOutOfAnalysis_NullVar.txt’ ‘VM-CompleteListOfGenes.txt’
‘bonferroni-0.05-ListOfGenes.txt’
‘bonferroni-0.05-VM-ListOfGenes.txt’
Flavors: r-devel-linux-x86_64-debian-clang, r-devel-linux-x86_64-debian-gcc, r-devel-linux-x86_64-fedora-clang, r-devel-linux-x86_64-fedora-gcc, r-patched-linux-x86_64, r-release-linux-x86_64