Last updated on 2023-06-09 01:51:20 CEST.
Flavor | Version | Tinstall | Tcheck | Ttotal | Status | Flags |
---|---|---|---|---|---|---|
r-devel-linux-x86_64-debian-clang | 2.3 | 4.58 | 30.49 | 35.07 | NOTE | |
r-devel-linux-x86_64-debian-gcc | 2.3 | 2.99 | 23.73 | 26.72 | NOTE | |
r-devel-linux-x86_64-fedora-clang | 2.3 | 43.82 | NOTE | |||
r-devel-linux-x86_64-fedora-gcc | 2.3 | 41.07 | NOTE | |||
r-devel-windows-x86_64 | 2.3 | 7.00 | 45.00 | 52.00 | OK | |
r-patched-linux-x86_64 | 2.3 | 4.93 | 29.42 | 34.35 | NOTE | |
r-release-linux-x86_64 | 2.3 | 3.45 | 29.49 | 32.94 | NOTE | |
r-release-macos-arm64 | 2.3 | 19.00 | OK | |||
r-release-macos-x86_64 | 2.3 | 27.00 | OK | |||
r-release-windows-x86_64 | 2.3 | 6.00 | 50.00 | 56.00 | OK | |
r-oldrel-macos-arm64 | 2.3 | 18.00 | OK | |||
r-oldrel-macos-x86_64 | 2.3 | 27.00 | OK | |||
r-oldrel-windows-x86_64 | 2.3 | 9.00 | 49.00 | 58.00 | OK |
Version: 2.3
Check: for non-standard things in the check directory
Result: NOTE
Found the following files/directories:
‘BH-0.05-ListOfGenes.txt’ ‘BH-0.05-VM-ListOfGenes.txt’
‘CompleteListOfGenes.txt’ ‘GenesOutOfAnalysis.txt’
‘GenesOutOfAnalysis_NotEnoughObs.txt’
‘GenesOutOfAnalysis_NullVar.txt’ ‘VM-CompleteListOfGenes.txt’
‘bonferroni-0.05-ListOfGenes.txt’
‘bonferroni-0.05-VM-ListOfGenes.txt’
Flavors: r-devel-linux-x86_64-debian-clang, r-devel-linux-x86_64-debian-gcc, r-devel-linux-x86_64-fedora-clang, r-devel-linux-x86_64-fedora-gcc, r-patched-linux-x86_64, r-release-linux-x86_64