CRAN Package Check Results for Package anapuce

Last updated on 2021-04-16 20:49:56 CEST.

Flavor Version Tinstall Tcheck Ttotal Status Flags
r-devel-linux-x86_64-debian-clang 2.3 3.74 28.83 32.57 NOTE
r-devel-linux-x86_64-debian-gcc 2.3 2.68 22.91 25.59 NOTE
r-devel-linux-x86_64-fedora-clang 2.3 49.34 NOTE
r-devel-linux-x86_64-fedora-gcc 2.3 38.62 NOTE
r-devel-windows-ix86+x86_64 2.3 7.00 42.00 49.00 OK
r-devel-windows-x86_64-gcc10-UCRT 2.3 OK
r-patched-linux-x86_64 2.3 3.27 27.97 31.24 NOTE
r-patched-solaris-x86 2.3 58.20 NOTE
r-release-linux-x86_64 2.3 4.34 27.87 32.21 NOTE
r-release-macos-x86_64 2.3 OK
r-release-windows-ix86+x86_64 2.3 6.00 38.00 44.00 OK
r-oldrel-macos-x86_64 2.3 OK
r-oldrel-windows-ix86+x86_64 2.3 6.00 49.00 55.00 OK

Check Details

Version: 2.3
Check: for non-standard things in the check directory
Result: NOTE
    Found the following files/directories:
     'BH-0.05-ListOfGenes.txt' 'BH-0.05-VM-ListOfGenes.txt'
     'CompleteListOfGenes.txt' 'GenesOutOfAnalysis.txt'
     'GenesOutOfAnalysis_NotEnoughObs.txt'
     'GenesOutOfAnalysis_NullVar.txt' 'VM-CompleteListOfGenes.txt'
     'bonferroni-0.05-ListOfGenes.txt'
     'bonferroni-0.05-VM-ListOfGenes.txt'
Flavors: r-devel-linux-x86_64-debian-clang, r-devel-linux-x86_64-debian-gcc, r-devel-linux-x86_64-fedora-clang, r-devel-linux-x86_64-fedora-gcc, r-patched-linux-x86_64, r-patched-solaris-x86, r-release-linux-x86_64