CRAN Package Check Results for Package animalEKF

Last updated on 2024-02-22 00:58:23 CET.

Flavor Version Tinstall Tcheck Ttotal Status Flags
r-devel-linux-x86_64-debian-clang 1.2 NOTE
r-devel-linux-x86_64-debian-gcc 1.2 31.39 165.09 196.48 NOTE
r-devel-linux-x86_64-fedora-clang 1.2 336.60 NOTE
r-devel-linux-x86_64-fedora-gcc 1.2 323.04 NOTE
r-devel-windows-x86_64 1.2 32.00 152.00 184.00 OK
r-patched-linux-x86_64 1.2 41.19 221.14 262.33 OK
r-release-linux-x86_64 1.2 34.42 219.87 254.29 OK
r-release-macos-arm64 1.2 79.00 OK
r-release-macos-x86_64 1.2 225.00 OK
r-release-windows-x86_64 1.2 39.00 195.00 234.00 OK
r-oldrel-macos-arm64 1.2 84.00 OK
r-oldrel-windows-x86_64 1.2 42.00 198.00 240.00 OK

Check Details

Version: 1.2
Check: Rd files
Result: NOTE checkRd: (-1) EKF_1d_interp_joint.Rd:55: Lost braces; missing escapes or markup? 55 | Prior 1x1 covariance matrix for predicting x_t from x_{t-1}. | ^ checkRd: (-1) EKF_interp_joint.Rd:65: Lost braces; missing escapes or markup? 65 | Prior 2x2 covariance matrix for predicting x_t from x_{t-1}. | ^ Flavors: r-devel-linux-x86_64-debian-clang, r-devel-linux-x86_64-debian-gcc, r-devel-linux-x86_64-fedora-clang, r-devel-linux-x86_64-fedora-gcc