CRAN Package Check Results for Package animalTrack

Last updated on 2019-06-25 09:50:35 CEST.

Flavor Version Tinstall Tcheck Ttotal Status Flags
r-devel-linux-x86_64-debian-clang 1.0.0 3.62 33.45 37.07 NOTE
r-devel-linux-x86_64-debian-gcc 1.0.0 3.03 28.07 31.10 NOTE
r-devel-linux-x86_64-fedora-clang 1.0.0 44.97 NOTE
r-devel-linux-x86_64-fedora-gcc 1.0.0 43.72 NOTE
r-devel-windows-ix86+x86_64 1.0.0 14.00 85.00 99.00 NOTE
r-patched-linux-x86_64 1.0.0 3.65 34.05 37.70 NOTE
r-patched-solaris-x86 1.0.0 77.50 NOTE
r-release-linux-x86_64 1.0.0 3.90 34.56 38.46 NOTE
r-release-windows-ix86+x86_64 1.0.0 9.00 80.00 89.00 NOTE
r-release-osx-x86_64 1.0.0 WARN
r-oldrel-windows-ix86+x86_64 1.0.0 6.00 51.00 57.00 NOTE
r-oldrel-osx-x86_64 1.0.0 NOTE

Check Details

Version: 1.0.0
Check: DESCRIPTION meta-information
Result: NOTE
    Malformed Title field: should not end in a period.
Flavors: r-devel-linux-x86_64-debian-clang, r-devel-linux-x86_64-debian-gcc, r-devel-linux-x86_64-fedora-clang, r-devel-linux-x86_64-fedora-gcc, r-devel-windows-ix86+x86_64, r-patched-linux-x86_64, r-patched-solaris-x86, r-release-linux-x86_64, r-release-windows-ix86+x86_64, r-release-osx-x86_64, r-oldrel-windows-ix86+x86_64, r-oldrel-osx-x86_64

Version: 1.0.0
Check: whether package can be installed
Result: WARN
    Found the following significant warnings:
     Warning: 'rgl_init' failed, running with rgl.useNULL = TRUE
Flavor: r-release-osx-x86_64