CRAN Package Check Results for Package animalTrack

Last updated on 2023-02-02 00:54:35 CET.

Flavor Version Tinstall Tcheck Ttotal Status Flags
r-devel-linux-x86_64-debian-clang 1.0.0 4.82 41.98 46.80 WARN
r-devel-linux-x86_64-debian-gcc 1.0.0 3.55 32.18 35.73 WARN
r-devel-linux-x86_64-fedora-clang 1.0.0 58.25 WARN
r-devel-linux-x86_64-fedora-gcc 1.0.0 56.03 WARN
r-devel-windows-x86_64 1.0.0 15.00 88.00 103.00 WARN
r-patched-linux-x86_64 1.0.0 4.03 39.61 43.64 WARN
r-release-linux-x86_64 1.0.0 4.19 40.94 45.13 WARN
r-release-macos-arm64 1.0.0 22.00 NOTE
r-release-macos-x86_64 1.0.0 29.00 NOTE
r-release-windows-x86_64 1.0.0 7.00 75.00 82.00 WARN
r-oldrel-macos-arm64 1.0.0 29.00 NOTE
r-oldrel-macos-x86_64 1.0.0 43.00 NOTE
r-oldrel-windows-ix86+x86_64 1.0.0 10.00 66.00 76.00 WARN

Check Details

Version: 1.0.0
Check: DESCRIPTION meta-information
Result: NOTE
    Malformed Title field: should not end in a period.
Flavors: r-devel-linux-x86_64-debian-clang, r-devel-linux-x86_64-debian-gcc, r-devel-linux-x86_64-fedora-clang, r-devel-linux-x86_64-fedora-gcc, r-devel-windows-x86_64, r-patched-linux-x86_64, r-release-linux-x86_64, r-release-macos-arm64, r-release-macos-x86_64, r-release-windows-x86_64, r-oldrel-macos-arm64, r-oldrel-macos-x86_64, r-oldrel-windows-ix86+x86_64

Version: 1.0.0
Check: examples
Result: WARN
    Found the following significant warnings:
    
     Warning: 'rgl.viewpoint' is deprecated.
     Warning: 'rgl.viewpoint' is deprecated.
    Deprecated functions may be defunct as soon as of the next release of
    R.
    See ?Deprecated.
Flavors: r-devel-linux-x86_64-debian-clang, r-devel-linux-x86_64-debian-gcc, r-devel-linux-x86_64-fedora-clang, r-devel-linux-x86_64-fedora-gcc, r-devel-windows-x86_64, r-patched-linux-x86_64, r-release-linux-x86_64, r-release-windows-x86_64, r-oldrel-windows-ix86+x86_64