Last updated on 2023-09-30 18:55:05 CEST.
Flavor | Version | Tinstall | Tcheck | Ttotal | Status | Flags |
---|---|---|---|---|---|---|
r-devel-linux-x86_64-debian-clang | 0.2.0 | 11.19 | 100.11 | 111.30 | OK | |
r-devel-linux-x86_64-debian-gcc | 0.2.0 | 9.05 | 72.24 | 81.29 | OK | |
r-devel-linux-x86_64-fedora-clang | 0.2.0 | 130.73 | NOTE | |||
r-devel-linux-x86_64-fedora-gcc | 0.2.0 | 134.41 | OK | |||
r-devel-windows-x86_64 | 0.2.0 | 11.00 | 98.00 | 109.00 | OK | |
r-patched-linux-x86_64 | 0.2.0 | 10.01 | 95.71 | 105.72 | OK | |
r-release-linux-x86_64 | 0.2.0 | 6.87 | 93.21 | 100.08 | OK | |
r-release-macos-arm64 | 0.2.0 | 40.00 | OK | |||
r-release-macos-x86_64 | 0.2.0 | 65.00 | OK | |||
r-release-windows-x86_64 | 0.2.0 | 15.00 | 115.00 | 130.00 | OK | |
r-oldrel-macos-arm64 | 0.2.0 | 39.00 | OK | |||
r-oldrel-macos-x86_64 | 0.2.0 | 67.00 | OK | |||
r-oldrel-windows-x86_64 | 0.2.0 | 15.00 | 133.00 | 148.00 | OK |
Version: 0.2.0
Check: package dependencies
Result: NOTE
Imports includes 22 non-default packages.
Importing from so many packages makes the package vulnerable to any of
them becoming unavailable. Move as many as possible to Suggests and
use conditionally.
Flavor: r-devel-linux-x86_64-fedora-clang