CRAN Package Check Results for Package animaltracker

Last updated on 2023-02-02 21:49:54 CET.

Flavor Version Tinstall Tcheck Ttotal Status Flags
r-devel-linux-x86_64-debian-clang 0.2.0 11.64 102.18 113.82 OK
r-devel-linux-x86_64-debian-gcc 0.2.0 8.74 74.26 83.00 OK
r-devel-linux-x86_64-fedora-clang 0.2.0 137.72 NOTE
r-devel-linux-x86_64-fedora-gcc 0.2.0 130.37 OK
r-devel-windows-x86_64 0.2.0 152.00 149.00 301.00 OK
r-patched-linux-x86_64 0.2.0 10.50 99.19 109.69 OK
r-release-linux-x86_64 0.2.0 9.58 95.92 105.50 OK
r-release-macos-arm64 0.2.0 39.00 OK
r-release-macos-x86_64 0.2.0 67.00 OK
r-release-windows-x86_64 0.2.0 117.00 140.00 257.00 OK
r-oldrel-macos-arm64 0.2.0 45.00 OK
r-oldrel-macos-x86_64 0.2.0 52.00 OK
r-oldrel-windows-ix86+x86_64 0.2.0 24.00 130.00 154.00 OK

Check Details

Version: 0.2.0
Check: package dependencies
Result: NOTE
    Imports includes 22 non-default packages.
    Importing from so many packages makes the package vulnerable to any of
    them becoming unavailable. Move as many as possible to Suggests and
    use conditionally.
Flavor: r-devel-linux-x86_64-fedora-clang