Last updated on 2023-12-01 18:50:49 CET.
Flavor | Version | Tinstall | Tcheck | Ttotal | Status | Flags |
---|---|---|---|---|---|---|
r-devel-linux-x86_64-debian-clang | 0.3.9.4 | 6.44 | 48.56 | 55.00 | NOTE | |
r-devel-linux-x86_64-debian-gcc | 0.3.9.4 | 4.90 | 37.71 | 42.61 | NOTE | |
r-devel-linux-x86_64-fedora-clang | 0.3.9.4 | 69.66 | OK | |||
r-devel-linux-x86_64-fedora-gcc | 0.3.9.4 | 76.98 | OK | |||
r-devel-windows-x86_64 | 0.3.9.4 | 7.00 | 65.00 | 72.00 | OK | |
r-patched-linux-x86_64 | 0.3.9.4 | 5.34 | 48.26 | 53.60 | OK | |
r-release-linux-x86_64 | 0.3.9.4 | 6.48 | 46.93 | 53.41 | OK | |
r-release-macos-arm64 | 0.3.9.4 | 36.00 | OK | |||
r-release-macos-x86_64 | 0.3.9.4 | 54.00 | OK | |||
r-release-windows-x86_64 | 0.3.9.4 | 9.00 | 69.00 | 78.00 | OK | |
r-oldrel-macos-arm64 | 0.3.9.4 | 30.00 | OK | |||
r-oldrel-macos-x86_64 | 0.3.9.4 | 38.00 | OK | |||
r-oldrel-windows-x86_64 | 0.3.9.4 | 8.00 | 73.00 | 81.00 | OK |
Version: 0.3.9.4
Check: Rd files
Result: NOTE
checkRd: (-1) animate.Rd:625-627: Lost braces
625 | group = function(...) {
| ^
Flavors: r-devel-linux-x86_64-debian-clang, r-devel-linux-x86_64-debian-gcc