CRAN Package Check Results for Package animation

Last updated on 2019-07-19 01:47:10 CEST.

Flavor Version Tinstall Tcheck Ttotal Status Flags
r-devel-linux-x86_64-debian-clang 2.6 6.18 33.85 40.03 NOTE
r-devel-linux-x86_64-debian-gcc 2.6 4.24 27.41 31.65 NOTE
r-devel-linux-x86_64-fedora-clang 2.6 48.23 NOTE
r-devel-linux-x86_64-fedora-gcc 2.6 44.70 NOTE
r-devel-windows-ix86+x86_64 2.6 12.00 44.00 56.00 OK
r-patched-linux-x86_64 2.6 4.70 33.96 38.66 OK
r-patched-solaris-x86 2.6 70.60 OK
r-release-linux-x86_64 2.6 5.26 33.95 39.21 OK
r-release-windows-ix86+x86_64 2.6 9.00 47.00 56.00 OK
r-release-osx-x86_64 2.6 OK
r-oldrel-windows-ix86+x86_64 2.6 9.00 64.00 73.00 OK
r-oldrel-osx-x86_64 2.6 OK

Check Details

Version: 2.6
Check: for non-standard things in the check directory
Result: NOTE
    Found the following files/directories:
     'BM-motion-chart.html' 'css' 'images' 'index.html' 'js'
Flavors: r-devel-linux-x86_64-debian-clang, r-devel-linux-x86_64-debian-gcc, r-devel-linux-x86_64-fedora-clang, r-devel-linux-x86_64-fedora-gcc