CRAN Package Check Results for Package animation

Last updated on 2020-02-20 22:50:52 CET.

Flavor Version Tinstall Tcheck Ttotal Status Flags
r-devel-linux-x86_64-debian-clang 2.6 5.62 36.31 41.93 NOTE
r-devel-linux-x86_64-debian-gcc 2.6 4.42 29.20 33.62 NOTE
r-devel-linux-x86_64-fedora-clang 2.6 50.96 NOTE
r-devel-linux-x86_64-fedora-gcc 2.6 50.70 NOTE
r-devel-windows-ix86+x86_64 2.6 9.00 47.00 56.00 OK
r-devel-windows-ix86+x86_64-gcc8 2.6 13.00 66.00 79.00 OK
r-patched-linux-x86_64 2.6 5.13 32.23 37.36 OK
r-patched-solaris-x86 2.6 65.20 OK
r-release-linux-x86_64 2.6 4.55 32.57 37.12 OK
r-release-windows-ix86+x86_64 2.6 10.00 47.00 57.00 OK
r-release-osx-x86_64 2.6 OK
r-oldrel-windows-ix86+x86_64 2.6 7.00 46.00 53.00 OK
r-oldrel-osx-x86_64 2.6 OK

Check Details

Version: 2.6
Check: for non-standard things in the check directory
Result: NOTE
    Found the following files/directories:
     'BM-motion-chart.html' 'css' 'images' 'index.html' 'js'
Flavors: r-devel-linux-x86_64-debian-clang, r-devel-linux-x86_64-debian-gcc, r-devel-linux-x86_64-fedora-clang, r-devel-linux-x86_64-fedora-gcc