CRAN Package Check Results for Package animation

Last updated on 2021-06-21 07:48:35 CEST.

Flavor Version Tinstall Tcheck Ttotal Status Flags
r-devel-linux-x86_64-debian-clang 2.6 5.23 40.96 46.19 NOTE
r-devel-linux-x86_64-debian-gcc 2.6 5.29 31.71 37.00 NOTE
r-devel-linux-x86_64-fedora-clang 2.6 65.94 NOTE
r-devel-linux-x86_64-fedora-gcc 2.6 55.21 NOTE
r-devel-windows-x86_64 2.6 9.00 52.00 61.00 OK
r-devel-windows-x86_64-gcc10-UCRT 2.6 ERROR
r-patched-linux-x86_64 2.6 7.61 39.41 47.02 NOTE
r-patched-solaris-x86 2.6 74.10 NOTE
r-release-linux-x86_64 2.6 5.48 39.79 45.27 NOTE
r-release-macos-arm64 2.6 OK
r-release-macos-x86_64 2.6 OK
r-release-windows-ix86+x86_64 2.6 10.00 54.00 64.00 OK
r-oldrel-macos-x86_64 2.6 OK
r-oldrel-windows-ix86+x86_64 2.6 7.00 0.00 7.00 OK

Check Details

Version: 2.6
Check: for non-standard things in the check directory
Result: NOTE
    Found the following files/directories:
     'BM-motion-chart.html' 'css' 'images' 'index.html' 'js'
Flavors: r-devel-linux-x86_64-debian-clang, r-devel-linux-x86_64-debian-gcc, r-devel-linux-x86_64-fedora-clang, r-devel-linux-x86_64-fedora-gcc, r-patched-linux-x86_64, r-patched-solaris-x86, r-release-linux-x86_64

Version: 2.6
Check: package dependencies
Result: ERROR
    Package required but not available: 'magick'
    
    See section 'The DESCRIPTION file' in the 'Writing R Extensions'
    manual.
Flavor: r-devel-windows-x86_64-gcc10-UCRT