CRAN Package Check Results for Package animation

Last updated on 2019-09-23 08:52:59 CEST.

Flavor Version Tinstall Tcheck Ttotal Status Flags
r-devel-linux-x86_64-debian-clang 2.6 5.33 32.83 38.16 NOTE
r-devel-linux-x86_64-debian-gcc 2.6 4.58 26.21 30.79 NOTE
r-devel-linux-x86_64-fedora-clang 2.6 47.34 NOTE
r-devel-linux-x86_64-fedora-gcc 2.6 45.78 NOTE
r-devel-windows-ix86+x86_64 2.6 13.00 62.00 75.00 OK
r-patched-linux-x86_64 2.6 5.22 32.46 37.68 OK
r-patched-solaris-x86 2.6 66.10 OK
r-release-linux-x86_64 2.6 5.06 32.90 37.96 OK
r-release-windows-ix86+x86_64 2.6 16.00 74.00 90.00 OK
r-release-osx-x86_64 2.6 OK
r-oldrel-windows-ix86+x86_64 2.6 6.00 44.00 50.00 OK
r-oldrel-osx-x86_64 2.6 OK

Check Details

Version: 2.6
Check: for non-standard things in the check directory
Result: NOTE
    Found the following files/directories:
     'BM-motion-chart.html' 'css' 'images' 'index.html' 'js'
Flavors: r-devel-linux-x86_64-debian-clang, r-devel-linux-x86_64-debian-gcc, r-devel-linux-x86_64-fedora-clang, r-devel-linux-x86_64-fedora-gcc