CRAN Package Check Results for Package animint2

Last updated on 2023-03-31 10:51:11 CEST.

Flavor Version Tinstall Tcheck Ttotal Status Flags
r-devel-linux-x86_64-debian-clang 2023.3.14 23.80 357.85 381.65 OK
r-devel-linux-x86_64-debian-gcc 2023.3.14 19.82 258.89 278.71 OK
r-devel-linux-x86_64-fedora-clang 2023.3.14 446.50 OK
r-devel-linux-x86_64-fedora-gcc 2023.3.14 451.17 OK
r-devel-windows-x86_64 2023.3.14 166.00 545.00 711.00 OK
r-patched-linux-x86_64 2023.3.14 29.72 336.93 366.65 OK
r-release-linux-x86_64 2023.3.14 21.39 323.97 345.36 OK
r-release-macos-arm64 2023.3.14 111.00 OK
r-release-macos-x86_64 2023.3.14 165.00 OK
r-release-windows-x86_64 2023.3.14 276.00 473.00 749.00 OK
r-oldrel-macos-arm64 2023.3.14 100.00 OK
r-oldrel-macos-x86_64 2023.3.14 145.00 OK
r-oldrel-windows-ix86+x86_64 2023.3.14 45.00 392.00 437.00 WARN

Check Details

Version: 2023.3.14
Check: dependencies in R code
Result: NOTE
    Initiating curl with CURL_SSL_BACKEND: openssl
Flavor: r-oldrel-windows-ix86+x86_64

Version: 2023.3.14
Check: for unstated dependencies in ‘tests’
Result: WARN
    Warning: unable to access index for repository https://bioconductor.org/packages/3.14/bioc/src/contrib:
     cannot open URL 'https://bioconductor.org/packages/3.14/bioc/src/contrib/PACKAGES'
    Warning: unable to access index for repository https://bioconductor.org/packages/3.14/data/annotation/src/contrib:
     cannot open URL 'https://bioconductor.org/packages/3.14/data/annotation/src/contrib/PACKAGES'
    Warning: unable to access index for repository https://bioconductor.org/packages/3.14/data/experiment/src/contrib:
     cannot open URL 'https://bioconductor.org/packages/3.14/data/experiment/src/contrib/PACKAGES'
Flavor: r-oldrel-windows-ix86+x86_64