CRAN Package Check Results for Package animl

Last updated on 2022-07-02 18:51:30 CEST.

Flavor Version Tinstall Tcheck Ttotal Status Flags
r-devel-linux-x86_64-debian-clang 1.0.0 5.82 60.69 66.51 OK
r-devel-linux-x86_64-debian-gcc 1.0.0 4.97 43.87 48.84 OK
r-devel-linux-x86_64-fedora-clang 1.0.0 89.53 NOTE
r-devel-linux-x86_64-fedora-gcc 1.0.0 88.19 NOTE
r-devel-windows-x86_64 1.0.0 16.00 107.00 123.00 OK
r-patched-linux-x86_64 1.0.0 5.52 55.70 61.22 OK
r-release-linux-x86_64 1.0.0 5.89 56.66 62.55 OK
r-release-macos-arm64 1.0.0 29.00 NOTE
r-release-macos-x86_64 1.0.0 56.00 NOTE
r-release-windows-x86_64 1.0.0 18.00 88.00 106.00 OK
r-oldrel-macos-arm64 1.0.0 26.00 NOTE
r-oldrel-macos-x86_64 1.0.0 37.00 NOTE
r-oldrel-windows-ix86+x86_64 1.0.0 16.00 75.00 91.00 OK

Check Details

Version: 1.0.0
Check: dependencies in R code
Result: NOTE
    Namespace in Imports field not imported from: ‘data.table’
     All declared Imports should be used.
Flavors: r-devel-linux-x86_64-fedora-clang, r-devel-linux-x86_64-fedora-gcc, r-release-macos-arm64, r-release-macos-x86_64, r-oldrel-macos-arm64, r-oldrel-macos-x86_64