Last updated on 2023-02-03 04:50:17 CET.
Flavor | Version | Tinstall | Tcheck | Ttotal | Status | Flags |
---|---|---|---|---|---|---|
r-devel-linux-x86_64-debian-clang | 0.1.0 | 2.30 | 28.41 | 30.71 | NOTE | |
r-devel-linux-x86_64-debian-gcc | 0.1.0 | 2.03 | 22.39 | 24.42 | NOTE | |
r-devel-linux-x86_64-fedora-clang | 0.1.0 | 40.42 | NOTE | |||
r-devel-linux-x86_64-fedora-gcc | 0.1.0 | 38.28 | NOTE | |||
r-devel-windows-x86_64 | 0.1.0 | 11.00 | 66.00 | 77.00 | NOTE | |
r-patched-linux-x86_64 | 0.1.0 | 2.55 | 28.53 | 31.08 | NOTE | |
r-release-linux-x86_64 | 0.1.0 | 2.34 | 29.49 | 31.83 | NOTE | |
r-release-macos-arm64 | 0.1.0 | 21.00 | NOTE | |||
r-release-macos-x86_64 | 0.1.0 | 25.00 | NOTE | |||
r-release-windows-x86_64 | 0.1.0 | 9.00 | 66.00 | 75.00 | NOTE | |
r-oldrel-macos-arm64 | 0.1.0 | 20.00 | NOTE | |||
r-oldrel-macos-x86_64 | 0.1.0 | 31.00 | NOTE | |||
r-oldrel-windows-ix86+x86_64 | 0.1.0 | 8.00 | 56.00 | 64.00 | NOTE |
Version: 0.1.0
Check: LazyData
Result: NOTE
'LazyData' is specified without a 'data' directory
Flavors: r-devel-linux-x86_64-debian-clang, r-devel-linux-x86_64-debian-gcc, r-devel-linux-x86_64-fedora-clang, r-devel-linux-x86_64-fedora-gcc, r-devel-windows-x86_64, r-patched-linux-x86_64, r-release-linux-x86_64, r-release-macos-arm64, r-release-macos-x86_64, r-release-windows-x86_64, r-oldrel-macos-arm64, r-oldrel-macos-x86_64, r-oldrel-windows-ix86+x86_64