CRAN Package Check Results for Package anomalize

Last updated on 2023-02-03 13:51:05 CET.

Flavor Version Tinstall Tcheck Ttotal Status Flags
r-devel-linux-x86_64-debian-clang 0.2.2 7.78 239.02 246.80 ERROR
r-devel-linux-x86_64-debian-gcc 0.2.2 5.71 172.19 177.90 ERROR
r-devel-linux-x86_64-fedora-clang 0.2.2 267.17 ERROR
r-devel-linux-x86_64-fedora-gcc 0.2.2 182.47 ERROR
r-devel-windows-x86_64 0.2.2 32.00 285.00 317.00 ERROR
r-patched-linux-x86_64 0.2.2 6.56 225.93 232.49 ERROR
r-release-linux-x86_64 0.2.2 6.87 203.65 210.52 ERROR
r-release-macos-arm64 0.2.2 73.00 OK
r-release-macos-x86_64 0.2.2 133.00 OK
r-release-windows-x86_64 0.2.2 39.00 257.00 296.00 ERROR
r-oldrel-macos-arm64 0.2.2 105.00 OK
r-oldrel-macos-x86_64 0.2.2 149.00 OK
r-oldrel-windows-ix86+x86_64 0.2.2 20.00 266.00 286.00 WARN

Check Details

Version: 0.2.2
Check: re-building of vignette outputs
Result: ERROR
    Error(s) in re-building vignettes:
     ...
    --- re-building ‘anomalize_methods.Rmd’ using rmarkdown
    --- finished re-building ‘anomalize_methods.Rmd’
    
    --- re-building ‘anomalize_quick_start_guide.Rmd’ using rmarkdown
    Quitting from lines 159-171 (anomalize_quick_start_guide.Rmd)
    Error: processing vignette ‘anomalize_quick_start_guide.Rmd’ failed with diagnostics:
    ℹ In argument: `date = collapse_index(...)`.
    Caused by error in `validate_rounding_nunit()`:
    ! Rounding with week > 1 is not supported. Use aseconds for arbitrary units.
    --- failed re-building ‘anomalize_quick_start_guide.Rmd’
    
    --- re-building ‘forecasting_with_cleaned_anomalies.Rmd’ using rmarkdown
    --- finished re-building ‘forecasting_with_cleaned_anomalies.Rmd’
    
    SUMMARY: processing the following file failed:
     ‘anomalize_quick_start_guide.Rmd’
    
    Error: Vignette re-building failed.
    Execution halted
Flavors: r-devel-linux-x86_64-debian-clang, r-devel-linux-x86_64-debian-gcc, r-patched-linux-x86_64, r-release-linux-x86_64

Version: 0.2.2
Check: re-building of vignette outputs
Result: ERROR
    Error(s) in re-building vignettes:
    --- re-building ‘anomalize_methods.Rmd’ using rmarkdown
    --- finished re-building ‘anomalize_methods.Rmd’
    
    --- re-building ‘anomalize_quick_start_guide.Rmd’ using rmarkdown
    Quitting from lines 159-171 (anomalize_quick_start_guide.Rmd)
    Error: processing vignette 'anomalize_quick_start_guide.Rmd' failed with diagnostics:
    Problem while computing `date = collapse_index(...)`.
    Caused by error in `validate_rounding_nunit()`:
    ! Rounding with week > 1 is not supported. Use aseconds for arbitrary units.
    --- failed re-building ‘anomalize_quick_start_guide.Rmd’
    
    --- re-building ‘forecasting_with_cleaned_anomalies.Rmd’ using rmarkdown
    --- finished re-building ‘forecasting_with_cleaned_anomalies.Rmd’
    
    SUMMARY: processing the following file failed:
     ‘anomalize_quick_start_guide.Rmd’
    
    Error: Vignette re-building failed.
    Execution halted
Flavors: r-devel-linux-x86_64-fedora-clang, r-devel-linux-x86_64-fedora-gcc, r-release-windows-x86_64

Version: 0.2.2
Check: re-building of vignette outputs
Result: ERROR
    Error(s) in re-building vignettes:
    --- re-building 'anomalize_methods.Rmd' using rmarkdown
    --- finished re-building 'anomalize_methods.Rmd'
    
    --- re-building 'anomalize_quick_start_guide.Rmd' using rmarkdown
    Quitting from lines 159-171 (anomalize_quick_start_guide.Rmd)
    Error: processing vignette 'anomalize_quick_start_guide.Rmd' failed with diagnostics:
    ℹ In argument: `date = collapse_index(...)`.
    Caused by error in `validate_rounding_nunit()`:
    ! Rounding with week > 1 is not supported. Use aseconds for arbitrary units.
    --- failed re-building 'anomalize_quick_start_guide.Rmd'
    
    --- re-building 'forecasting_with_cleaned_anomalies.Rmd' using rmarkdown
    --- finished re-building 'forecasting_with_cleaned_anomalies.Rmd'
    
    SUMMARY: processing the following file failed:
     'anomalize_quick_start_guide.Rmd'
    
    Error: Vignette re-building failed.
    Execution halted
Flavor: r-devel-windows-x86_64

Version: 0.2.2
Check: re-building of vignette outputs
Result: WARN
    Error(s) in re-building vignettes:
    --- re-building 'anomalize_methods.Rmd' using rmarkdown
    --- finished re-building 'anomalize_methods.Rmd'
    
    --- re-building 'anomalize_quick_start_guide.Rmd' using rmarkdown
    Quitting from lines 159-171 (anomalize_quick_start_guide.Rmd)
    Error: processing vignette 'anomalize_quick_start_guide.Rmd' failed with diagnostics:
    i In argument: `date = collapse_index(...)`.
    Caused by error in `validate_rounding_nunit()`:
    ! Rounding with week > 1 is not supported. Use aseconds for arbitrary units.
    --- failed re-building 'anomalize_quick_start_guide.Rmd'
    
    --- re-building 'forecasting_with_cleaned_anomalies.Rmd' using rmarkdown
    --- finished re-building 'forecasting_with_cleaned_anomalies.Rmd'
    
    SUMMARY: processing the following file failed:
     'anomalize_quick_start_guide.Rmd'
    
    Error: Vignette re-building failed.
    Execution halted
Flavor: r-oldrel-windows-ix86+x86_64