CRAN Package Check Results for Package anomaly

Last updated on 2021-06-14 04:53:17 CEST.

Flavor Version Tinstall Tcheck Ttotal Status Flags
r-devel-linux-x86_64-debian-clang 4.0.1 66.96 109.03 175.99 OK
r-devel-linux-x86_64-debian-gcc 4.0.1 43.08 80.45 123.53 OK
r-devel-linux-x86_64-fedora-clang 4.0.1 268.25 NOTE
r-devel-linux-x86_64-fedora-gcc 4.0.1 206.57 OK
r-devel-windows-x86_64 4.0.1 101.00 148.00 249.00 NOTE
r-devel-windows-x86_64-gcc10-UCRT 4.0.1 OK
r-patched-linux-x86_64 4.0.1 51.57 101.82 153.39 OK
r-patched-solaris-x86 4.0.1 249.10 NOTE
r-release-linux-x86_64 4.0.1 53.63 102.48 156.11 OK
r-release-macos-arm64 4.0.1 NOTE
r-release-macos-x86_64 4.0.1 NOTE
r-release-windows-ix86+x86_64 4.0.1 164.00 216.00 380.00 NOTE
r-oldrel-macos-x86_64 4.0.1 NOTE
r-oldrel-windows-ix86+x86_64 4.0.1 164.00 212.00 376.00 NOTE

Check Details

Version: 4.0.1
Check: installed package size
Result: NOTE
     installed size is 6.9Mb
     sub-directories of 1Mb or more:
     data 4.1Mb
     libs 2.3Mb
Flavors: r-devel-linux-x86_64-fedora-clang, r-devel-windows-x86_64, r-patched-solaris-x86, r-release-macos-arm64, r-release-macos-x86_64, r-release-windows-ix86+x86_64, r-oldrel-macos-x86_64, r-oldrel-windows-ix86+x86_64