CRAN Package Check Results for Package anomaly

Last updated on 2022-11-28 11:51:11 CET.

Flavor Version Tinstall Tcheck Ttotal Status Flags
r-devel-linux-x86_64-debian-clang 4.0.2 79.21 141.47 220.68 OK
r-devel-linux-x86_64-debian-gcc 4.0.2 58.59 102.14 160.73 OK
r-devel-linux-x86_64-fedora-clang 4.0.2 344.81 OK
r-devel-linux-x86_64-fedora-gcc 4.0.2 266.38 OK
r-devel-windows-x86_64 4.0.2 138.00 186.00 324.00 NOTE
r-patched-linux-x86_64 4.0.2 59.45 127.33 186.78 OK
r-release-linux-x86_64 4.0.2 58.79 131.26 190.05 OK
r-release-macos-arm64 4.0.2 76.00 NOTE
r-release-macos-x86_64 4.0.2 121.00 NOTE
r-release-windows-x86_64 4.0.2 111.00 196.00 307.00 NOTE
r-oldrel-macos-arm64 4.0.2 81.00 NOTE
r-oldrel-macos-x86_64 4.0.2 97.00 NOTE
r-oldrel-windows-ix86+x86_64 4.0.2 186.00 252.00 438.00 NOTE

Check Details

Version: 4.0.2
Check: installed package size
Result: NOTE
     installed size is 5.8Mb
     sub-directories of 1Mb or more:
     data 4.1Mb
     libs 1.1Mb
Flavors: r-devel-windows-x86_64, r-release-macos-arm64, r-release-macos-x86_64, r-release-windows-x86_64, r-oldrel-macos-arm64, r-oldrel-macos-x86_64, r-oldrel-windows-ix86+x86_64