Last updated on 2023-12-05 18:49:16 CET.
Flavor | Version | Tinstall | Tcheck | Ttotal | Status | Flags |
---|---|---|---|---|---|---|
r-devel-linux-x86_64-debian-clang | 0.18.1 | 9.39 | 158.78 | 168.17 | OK | |
r-devel-linux-x86_64-debian-gcc | 0.18.1 | 7.56 | 122.54 | 130.10 | OK | |
r-devel-linux-x86_64-fedora-clang | 0.18.1 | 175.08 | OK | |||
r-devel-linux-x86_64-fedora-gcc | 0.18.1 | 171.93 | OK | |||
r-devel-windows-x86_64 | 0.18.1 | 9.00 | 111.00 | 120.00 | OK | |
r-patched-linux-x86_64 | 0.18.1 | 12.06 | 138.07 | 150.13 | OK | |
r-release-linux-x86_64 | 0.18.1 | 5.38 | 132.25 | 137.63 | OK | |
r-release-macos-arm64 | 0.18.1 | 54.00 | NOTE | |||
r-release-macos-x86_64 | 0.18.1 | 89.00 | NOTE | |||
r-release-windows-x86_64 | 0.18.1 | 12.00 | 131.00 | 143.00 | OK | |
r-oldrel-macos-arm64 | 0.18.1 | 42.00 | NOTE | |||
r-oldrel-macos-x86_64 | 0.18.1 | 95.00 | OK | |||
r-oldrel-windows-x86_64 | 0.18.1 | 12.00 | 133.00 | 145.00 | OK |
Version: 0.18.1
Check: package dependencies
Result: NOTE
Package suggested but not available for checking: ‘rhdf5’
Flavors: r-release-macos-arm64, r-release-macos-x86_64, r-oldrel-macos-arm64