Last updated on 2023-03-26 00:51:37 CET.
Flavor | Version | Tinstall | Tcheck | Ttotal | Status | Flags |
---|---|---|---|---|---|---|
r-devel-linux-x86_64-debian-clang | 2.5.0 | 16.58 | 313.35 | 329.93 | OK | |
r-devel-linux-x86_64-debian-gcc | 2.5.0 | 13.44 | 222.79 | 236.23 | OK | |
r-devel-linux-x86_64-fedora-gcc | 2.5.0 | 336.10 | OK | |||
r-devel-windows-x86_64 | 2.5.0 | 103.00 | 277.00 | 380.00 | NOTE | |
r-patched-linux-x86_64 | 2.5.0 | 14.74 | 263.30 | 278.04 | OK | |
r-release-linux-x86_64 | 2.5.0 | 14.76 | 253.55 | 268.31 | OK | |
r-release-macos-arm64 | 2.5.0 | 75.00 | NOTE | |||
r-release-macos-x86_64 | 2.5.0 | 98.00 | NOTE | |||
r-release-windows-x86_64 | 2.5.0 | 83.00 | 283.00 | 366.00 | NOTE | |
r-oldrel-macos-arm64 | 2.5.0 | 75.00 | NOTE | |||
r-oldrel-macos-x86_64 | 2.5.0 | 99.00 | NOTE | |||
r-oldrel-windows-ix86+x86_64 | 2.5.0 | 31.00 | 276.00 | 307.00 | NOTE |
Version: 2.5.0
Check: installed package size
Result: NOTE
installed size is 5.1Mb
sub-directories of 1Mb or more:
test_v8 2.1Mb
testdata 2.1Mb
Flavors: r-devel-windows-x86_64, r-release-macos-arm64, r-release-macos-x86_64, r-release-windows-x86_64, r-oldrel-macos-arm64, r-oldrel-macos-x86_64, r-oldrel-windows-ix86+x86_64